Last updated on 2023-01-27 07:50:44 CET.
Flavor | Version | Tinstall | Tcheck | Ttotal | Status | Flags |
---|---|---|---|---|---|---|
r-devel-linux-x86_64-debian-clang | 1.1.1 | 15.33 | 128.99 | 144.32 | OK | |
r-devel-linux-x86_64-debian-gcc | 1.1.1 | 12.94 | 92.97 | 105.91 | OK | |
r-devel-linux-x86_64-fedora-clang | 1.1.1 | 173.02 | NOTE | |||
r-devel-linux-x86_64-fedora-gcc | 1.1.1 | 168.11 | NOTE | |||
r-devel-windows-x86_64 | 1.1.1 | 17.00 | 144.00 | 161.00 | OK | |
r-patched-linux-x86_64 | 1.1.1 | 16.19 | 123.07 | 139.26 | OK | |
r-release-linux-x86_64 | 1.1.1 | 15.38 | 122.90 | 138.28 | OK | |
r-release-macos-arm64 | 1.1.1 | 46.00 | NOTE | |||
r-release-macos-x86_64 | 1.1.1 | 80.00 | NOTE | |||
r-release-windows-x86_64 | 1.1.1 | 27.00 | 152.00 | 179.00 | OK | |
r-oldrel-macos-arm64 | 1.1.1 | 52.00 | NOTE | |||
r-oldrel-macos-x86_64 | 1.1.1 | 67.00 | NOTE | |||
r-oldrel-windows-ix86+x86_64 | 1.1.1 | 36.00 | 153.00 | 189.00 | OK |
Version: 1.1.1
Check: dependencies in R code
Result: NOTE
Namespace in Imports field not imported from: ‘knitr’
All declared Imports should be used.
Flavors: r-devel-linux-x86_64-fedora-clang, r-devel-linux-x86_64-fedora-gcc, r-release-macos-arm64, r-release-macos-x86_64, r-oldrel-macos-arm64, r-oldrel-macos-x86_64