Last updated on 2023-03-21 06:51:46 CET.
Flavor | Version | Tinstall | Tcheck | Ttotal | Status | Flags |
---|---|---|---|---|---|---|
r-devel-linux-x86_64-debian-clang | 0.9-55 | OK | ||||
r-devel-linux-x86_64-debian-gcc | 0.9-55 | 8.10 | 55.95 | 64.05 | OK | |
r-devel-linux-x86_64-fedora-clang | 0.9-55 | 103.44 | NOTE | |||
r-devel-linux-x86_64-fedora-gcc | 0.9-55 | 121.54 | NOTE | |||
r-devel-windows-x86_64 | 0.9-55 | 22.00 | 100.00 | 122.00 | OK | |
r-patched-linux-x86_64 | 0.9-55 | 6.40 | 71.34 | 77.74 | OK | |
r-release-linux-x86_64 | 0.9-55 | 6.20 | 71.46 | 77.66 | OK | |
r-release-macos-arm64 | 0.9-55 | 32.00 | NOTE | |||
r-release-macos-x86_64 | 0.9-55 | 59.00 | NOTE | |||
r-release-windows-x86_64 | 0.9-55 | 24.00 | 106.00 | 130.00 | OK | |
r-oldrel-macos-arm64 | 0.9-55 | 46.00 | NOTE | |||
r-oldrel-macos-x86_64 | 0.9-55 | 52.00 | NOTE | |||
r-oldrel-windows-ix86+x86_64 | 0.9-55 | 21.00 | 99.00 | 120.00 | OK |
Version: 0.9-55
Check: data for non-ASCII characters
Result: NOTE
Note: found 2 marked UTF-8 strings
Flavors: r-devel-linux-x86_64-fedora-clang, r-devel-linux-x86_64-fedora-gcc, r-release-macos-arm64, r-release-macos-x86_64, r-oldrel-macos-arm64, r-oldrel-macos-x86_64