CRAN Package Check Results for Package SCDB

Last updated on 2024-02-26 08:48:57 CET.

Flavor Version Tinstall Tcheck Ttotal Status Flags
r-devel-linux-x86_64-debian-clang 0.3 12.05 170.64 182.69 OK
r-devel-linux-x86_64-debian-gcc 0.3 8.36 127.80 136.16 OK
r-devel-linux-x86_64-fedora-clang 0.3 221.28 NOTE
r-devel-linux-x86_64-fedora-gcc 0.3 222.27 OK
r-devel-windows-x86_64 0.3 11.00 138.00 149.00 OK
r-patched-linux-x86_64 0.3 13.14 165.10 178.24 OK
r-release-linux-x86_64 0.3 6.80 163.43 170.23 OK
r-release-macos-arm64 0.3 80.00 OK
r-release-macos-x86_64 0.3 159.00 OK
r-release-windows-x86_64 0.3 13.00 177.00 190.00 OK
r-oldrel-macos-arm64 0.3 71.00 OK
r-oldrel-windows-x86_64 0.3 15.00 177.00 192.00 OK

Check Details

Version: 0.3
Check: Rd cross-references
Result: NOTE Undeclared package ‘bit64’ in Rd xrefs Flavor: r-devel-linux-x86_64-fedora-clang