CRAN Package Check Results for Package SCCI

Last updated on 2023-01-30 09:54:24 CET.

Flavor Version Tinstall Tcheck Ttotal Status Flags
r-devel-linux-x86_64-debian-clang 1.2 16.94 30.27 47.21 OK
r-devel-linux-x86_64-debian-gcc 1.2 14.73 23.63 38.36 OK
r-devel-linux-x86_64-fedora-clang 1.2 71.34 OK
r-devel-linux-x86_64-fedora-gcc 1.2 63.32 OK
r-devel-windows-x86_64 1.2 28.00 82.00 110.00 OK
r-patched-linux-x86_64 1.2 16.27 29.10 45.37 OK
r-release-linux-x86_64 1.2 16.46 30.36 46.82 OK
r-release-macos-arm64 1.2 20.00 NOTE
r-release-macos-x86_64 1.2 30.00 OK
r-release-windows-x86_64 1.2 26.00 85.00 111.00 OK
r-oldrel-macos-arm64 1.2 24.00 NOTE
r-oldrel-macos-x86_64 1.2 46.00 OK
r-oldrel-windows-ix86+x86_64 1.2 48.00 83.00 131.00 OK

Check Details

Version: 1.2
Check: package dependencies
Result: NOTE
    Packages suggested but not available for checking: 'pcalg', 'Rgraphviz'
Flavor: r-release-macos-arm64

Version: 1.2
Check: package dependencies
Result: NOTE
    Package suggested but not available for checking: ‘pcalg’
Flavor: r-oldrel-macos-arm64