Last updated on 2023-02-08 06:56:37 CET.
Flavor | Version | Tinstall | Tcheck | Ttotal | Status | Flags |
---|---|---|---|---|---|---|
r-devel-linux-x86_64-debian-clang | 1.1 | 51.59 | 138.72 | 190.31 | NOTE | |
r-devel-linux-x86_64-debian-gcc | 1.1 | 44.43 | 103.62 | 148.05 | NOTE | |
r-devel-linux-x86_64-fedora-clang | 1.1 | 251.09 | NOTE | |||
r-devel-linux-x86_64-fedora-gcc | 1.1 | 275.33 | NOTE | |||
r-devel-windows-x86_64 | 1.1 | 53.00 | 200.00 | 253.00 | NOTE | |
r-patched-linux-x86_64 | 1.1 | 43.50 | 133.58 | 177.08 | OK | |
r-release-linux-x86_64 | 1.1 | 38.75 | 134.02 | 172.77 | OK | |
r-release-macos-arm64 | 1.1 | 6.00 | ERROR | |||
r-release-macos-x86_64 | 1.1 | 131.00 | NOTE | |||
r-release-windows-x86_64 | 1.1 | 60.00 | 226.00 | 286.00 | OK | |
r-oldrel-macos-arm64 | 1.1 | 79.00 | NOTE | |||
r-oldrel-macos-x86_64 | 1.1 | 93.00 | NOTE | |||
r-oldrel-windows-ix86+x86_64 | 1.1 | 125.00 | 248.00 | 373.00 | OK |
Version: 1.1
Check: C++ specification
Result: NOTE
Specified C++11: please update to current default of C++17
Flavors: r-devel-linux-x86_64-debian-clang, r-devel-windows-x86_64
Version: 1.1
Check: C++ specification
Result: NOTE
Specified C++11: please drop specification unless essential
Flavors: r-devel-linux-x86_64-debian-gcc, r-devel-linux-x86_64-fedora-clang, r-devel-linux-x86_64-fedora-gcc
Version: 1.1
Check: dependencies in R code
Result: NOTE
Namespace in Imports field not imported from: ‘BiocSingular’
All declared Imports should be used.
Flavors: r-devel-linux-x86_64-fedora-clang, r-devel-linux-x86_64-fedora-gcc, r-release-macos-x86_64, r-oldrel-macos-arm64, r-oldrel-macos-x86_64
Version: 1.1
Check: package dependencies
Result: ERROR
Package required but not available: ‘scran’
See section ‘The DESCRIPTION file’ in the ‘Writing R Extensions’
manual.
Flavor: r-release-macos-arm64