CRAN Package Check Results for Package SAGMM

Last updated on 2023-01-27 07:50:43 CET.

Flavor Version Tinstall Tcheck Ttotal Status Flags
r-devel-linux-x86_64-debian-clang 0.2.4 28.81 33.50 62.31 OK
r-devel-linux-x86_64-debian-gcc 0.2.4 26.41 26.13 52.54 NOTE
r-devel-linux-x86_64-fedora-clang 0.2.4 97.68 OK
r-devel-linux-x86_64-fedora-gcc 0.2.4 86.04 NOTE
r-devel-windows-x86_64 0.2.4 36.00 87.00 123.00 OK
r-patched-linux-x86_64 0.2.4 31.56 34.11 65.67 OK
r-release-linux-x86_64 0.2.4 32.43 34.01 66.44 OK
r-release-macos-arm64 0.2.4 30.00 OK
r-release-macos-x86_64 0.2.4 38.00 OK
r-release-windows-x86_64 0.2.4 33.00 90.00 123.00 OK
r-oldrel-macos-arm64 0.2.4 35.00 OK
r-oldrel-macos-x86_64 0.2.4 51.00 OK
r-oldrel-windows-ix86+x86_64 0.2.4 84.00 94.00 178.00 OK

Check Details

Version: 0.2.4
Check: C++ specification
Result: NOTE
     Specified C++11: please update to current default of C++17
Flavors: r-devel-linux-x86_64-debian-gcc, r-devel-linux-x86_64-fedora-gcc