CRAN Package Check Results for Package SAGMM

Last updated on 2024-02-23 07:52:20 CET.

Flavor Version Tinstall Tcheck Ttotal Status Flags
r-devel-linux-x86_64-debian-clang 0.2.4 NOTE
r-devel-linux-x86_64-debian-gcc 0.2.4 25.38 26.22 51.60 NOTE
r-devel-linux-x86_64-fedora-clang 0.2.4 98.42 NOTE
r-devel-linux-x86_64-fedora-gcc 0.2.4 96.19 NOTE
r-devel-windows-x86_64 0.2.4 28.00 74.00 102.00 NOTE
r-patched-linux-x86_64 0.2.4 29.08 33.73 62.81 NOTE
r-release-linux-x86_64 0.2.4 32.84 33.72 66.56 NOTE
r-release-macos-arm64 0.2.4 30.00 NOTE
r-release-macos-x86_64 0.2.4 47.00 NOTE
r-release-windows-x86_64 0.2.4 34.00 77.00 111.00 NOTE
r-oldrel-macos-arm64 0.2.4 30.00 OK
r-oldrel-windows-x86_64 0.2.4 34.00 77.00 111.00 OK

Check Details

Version: 0.2.4
Check: C++ specification
Result: NOTE Specified C++11: please drop specification unless essential Flavors: r-devel-linux-x86_64-debian-clang, r-devel-linux-x86_64-debian-gcc, r-devel-linux-x86_64-fedora-clang, r-devel-linux-x86_64-fedora-gcc, r-devel-windows-x86_64, r-patched-linux-x86_64, r-release-linux-x86_64, r-release-macos-arm64, r-release-macos-x86_64, r-release-windows-x86_64