CRAN Package Check Results for Package SAEval

Last updated on 2023-01-27 07:50:43 CET.

Flavor Version Tinstall Tcheck Ttotal Status Flags
r-devel-linux-x86_64-debian-clang 0.1.5 9.87 73.75 83.62 OK
r-devel-linux-x86_64-debian-gcc 0.1.5 6.52 53.87 60.39 OK
r-devel-linux-x86_64-fedora-clang 0.1.5 99.14 NOTE
r-devel-linux-x86_64-fedora-gcc 0.1.5 96.01 NOTE
r-devel-windows-x86_64 0.1.5 16.00 107.00 123.00 OK
r-patched-linux-x86_64 0.1.5 6.71 69.25 75.96 OK
r-release-linux-x86_64 0.1.5 8.04 70.34 78.38 OK
r-release-macos-arm64 0.1.5 30.00 NOTE
r-release-macos-x86_64 0.1.5 45.00 NOTE
r-release-windows-x86_64 0.1.5 16.00 100.00 116.00 OK
r-oldrel-macos-arm64 0.1.5 30.00 NOTE
r-oldrel-macos-x86_64 0.1.5 43.00 NOTE
r-oldrel-windows-ix86+x86_64 0.1.5 23.00 95.00 118.00 OK

Check Details

Version: 0.1.5
Check: data for non-ASCII characters
Result: NOTE
     Note: found 4 marked UTF-8 strings
Flavors: r-devel-linux-x86_64-fedora-clang, r-devel-linux-x86_64-fedora-gcc, r-release-macos-arm64, r-release-macos-x86_64, r-oldrel-macos-arm64, r-oldrel-macos-x86_64