Last updated on 2023-02-06 06:52:08 CET.
Flavor | Version | Tinstall | Tcheck | Ttotal | Status | Flags |
---|---|---|---|---|---|---|
r-devel-linux-x86_64-debian-clang | 0.4.4 | 86.40 | 109.13 | 195.53 | NOTE | |
r-devel-linux-x86_64-debian-gcc | 0.4.4 | 74.88 | 83.28 | 158.16 | NOTE | |
r-devel-linux-x86_64-fedora-clang | 0.4.4 | 315.15 | NOTE | |||
r-devel-linux-x86_64-fedora-gcc | 0.4.4 | 286.44 | NOTE | |||
r-devel-windows-x86_64 | 0.4.4 | 218.00 | 206.00 | 424.00 | NOTE | |
r-patched-linux-x86_64 | 0.4.4 | 84.47 | 105.26 | 189.73 | OK | |
r-release-linux-x86_64 | 0.4.4 | 83.52 | 98.98 | 182.50 | OK | |
r-release-macos-arm64 | 0.4.4 | 87.00 | NOTE | |||
r-release-macos-x86_64 | 0.4.4 | 124.00 | NOTE | |||
r-release-windows-x86_64 | 0.4.4 | 189.00 | 200.00 | 389.00 | OK | |
r-oldrel-macos-arm64 | 0.4.4 | 96.00 | NOTE | |||
r-oldrel-macos-x86_64 | 0.4.4 | 119.00 | NOTE | |||
r-oldrel-windows-ix86+x86_64 | 0.4.4 | 241.00 | 193.00 | 434.00 | OK |
Version: 0.4.4
Check: C++ specification
Result: NOTE
Specified C++11: please update to current default of C++17
Flavors: r-devel-linux-x86_64-debian-clang, r-devel-linux-x86_64-debian-gcc, r-devel-linux-x86_64-fedora-clang, r-devel-linux-x86_64-fedora-gcc, r-devel-windows-x86_64
Version: 0.4.4
Check: installed package size
Result: NOTE
installed size is 9.9Mb
sub-directories of 1Mb or more:
libs 8.2Mb
yacas 1.3Mb
Flavors: r-release-macos-arm64, r-release-macos-x86_64, r-oldrel-macos-arm64, r-oldrel-macos-x86_64