Last updated on 2023-12-01 07:50:19 CET.
Flavor | Version | Tinstall | Tcheck | Ttotal | Status | Flags |
---|---|---|---|---|---|---|
r-devel-linux-x86_64-debian-clang | 1.1.5 | 130.02 | 118.50 | 248.52 | NOTE | |
r-devel-linux-x86_64-debian-gcc | 1.1.5 | 86.82 | 86.43 | 173.25 | NOTE | |
r-devel-linux-x86_64-fedora-clang | 1.1.5 | 364.74 | NOTE | |||
r-devel-linux-x86_64-fedora-gcc | 1.1.5 | 341.61 | NOTE | |||
r-devel-windows-x86_64 | 1.1.5 | 93.00 | 140.00 | 233.00 | NOTE | |
r-patched-linux-x86_64 | 1.1.5 | 107.14 | 111.36 | 218.50 | NOTE | |
r-release-linux-x86_64 | 1.1.5 | 109.56 | 112.45 | 222.01 | NOTE | |
r-release-macos-arm64 | 1.1.5 | 89.00 | NOTE | |||
r-release-macos-x86_64 | 1.1.5 | 166.00 | NOTE | |||
r-release-windows-x86_64 | 1.1.5 | 105.00 | 165.00 | 270.00 | NOTE | |
r-oldrel-macos-arm64 | 1.1.5 | 80.00 | NOTE | |||
r-oldrel-macos-x86_64 | 1.1.5 | 136.00 | NOTE | |||
r-oldrel-windows-x86_64 | 1.1.5 | 144.00 | 158.00 | 302.00 | NOTE |
Version: 1.1.5
Check: C++ specification
Result: NOTE
Specified C++14: please drop specification unless essential
Flavors: r-devel-linux-x86_64-debian-clang, r-devel-linux-x86_64-debian-gcc, r-devel-linux-x86_64-fedora-clang, r-devel-linux-x86_64-fedora-gcc, r-devel-windows-x86_64, r-patched-linux-x86_64, r-release-linux-x86_64, r-release-macos-arm64, r-release-macos-x86_64, r-release-windows-x86_64
Version: 1.1.5
Check: package dependencies
Result: NOTE
Package suggested but not available for checking: 'unix'
Flavors: r-devel-windows-x86_64, r-release-windows-x86_64, r-oldrel-windows-x86_64
Version: 1.1.5
Check: installed package size
Result: NOTE
installed size is 11.0Mb
sub-directories of 1Mb or more:
libs 9.1Mb
yacas 1.3Mb
Flavors: r-release-macos-arm64, r-release-macos-x86_64, r-oldrel-macos-arm64, r-oldrel-macos-x86_64