Last updated on 2023-02-04 08:01:27 CET.
Flavor | Version | Tinstall | Tcheck | Ttotal | Status | Flags |
---|---|---|---|---|---|---|
r-devel-linux-x86_64-debian-clang | 1.1.5 | 113.81 | 109.94 | 223.75 | NOTE | |
r-devel-linux-x86_64-debian-gcc | 1.1.5 | 96.56 | 83.68 | 180.24 | NOTE | |
r-devel-linux-x86_64-fedora-clang | 1.1.5 | 377.73 | NOTE | |||
r-devel-linux-x86_64-fedora-gcc | 1.1.5 | 331.17 | NOTE | |||
r-devel-windows-x86_64 | 1.1.5 | 209.00 | 214.00 | 423.00 | NOTE | |
r-patched-linux-x86_64 | 1.1.5 | 101.31 | 107.72 | 209.03 | OK | |
r-release-linux-x86_64 | 1.1.5 | 99.18 | 94.51 | 193.69 | OK | |
r-release-macos-arm64 | 1.1.5 | 81.00 | NOTE | |||
r-release-macos-x86_64 | 1.1.5 | 136.00 | NOTE | |||
r-release-windows-x86_64 | 1.1.5 | 202.00 | 202.00 | 404.00 | NOTE | |
r-oldrel-macos-arm64 | 1.1.5 | 89.00 | NOTE | |||
r-oldrel-macos-x86_64 | 1.1.5 | 157.00 | NOTE | |||
r-oldrel-windows-ix86+x86_64 | 1.1.5 | 284.00 | 204.00 | 488.00 | NOTE |
Version: 1.1.5
Check: C++ specification
Result: NOTE
Specified C++14: please update to current default of C++17
Flavors: r-devel-linux-x86_64-debian-clang, r-devel-linux-x86_64-debian-gcc, r-devel-linux-x86_64-fedora-clang, r-devel-linux-x86_64-fedora-gcc, r-devel-windows-x86_64
Version: 1.1.5
Check: package dependencies
Result: NOTE
Package suggested but not available for checking: 'unix'
Flavors: r-devel-windows-x86_64, r-release-windows-x86_64, r-oldrel-windows-ix86+x86_64
Version: 1.1.5
Check: installed package size
Result: NOTE
installed size is 10.8Mb
sub-directories of 1Mb or more:
libs 8.9Mb
yacas 1.3Mb
Flavors: r-release-macos-arm64, r-release-macos-x86_64, r-oldrel-macos-arm64, r-oldrel-macos-x86_64