Last updated on 2023-01-30 09:54:24 CET.
Flavor | Version | Tinstall | Tcheck | Ttotal | Status | Flags |
---|---|---|---|---|---|---|
r-devel-linux-x86_64-debian-clang | 1.1 | 11.84 | 112.37 | 124.21 | OK | |
r-devel-linux-x86_64-debian-gcc | 1.1 | 11.15 | 87.10 | 98.25 | OK | |
r-devel-linux-x86_64-fedora-clang | 1.1 | 158.96 | OK | |||
r-devel-linux-x86_64-fedora-gcc | 1.1 | 165.31 | OK | |||
r-devel-windows-x86_64 | 1.1 | 23.00 | 195.00 | 218.00 | OK | |
r-patched-linux-x86_64 | 1.1 | 13.15 | 109.88 | 123.03 | OK | |
r-release-linux-x86_64 | 1.1 | 14.13 | 111.05 | 125.18 | OK | |
r-release-macos-arm64 | 1.1 | 79.00 | OK | |||
r-release-macos-x86_64 | 1.1 | 114.00 | OK | |||
r-release-windows-x86_64 | 1.1 | 28.00 | 202.00 | 230.00 | OK | |
r-oldrel-macos-arm64 | 1.1 | 75.00 | OK | |||
r-oldrel-macos-x86_64 | 1.1 | 109.00 | OK | |||
r-oldrel-windows-ix86+x86_64 | 1.1 | 31.00 | 455.00 | 486.00 | ERROR |
Version: 1.1
Check: PDF version of manual
Result: WARN
LaTeX errors when creating PDF version.
This typically indicates Rd problems.
LaTeX errors found:
! Package inputenc Error: Unicode char â<c2><80><c2><90> (U+2010)
(inputenc) not set up for use with LaTeX.
See the inputenc package documentation for explanation.
Type H <return> for immediate help.
! Package inputenc Error: Unicode char â<c2><80><c2><90> (U+2010)
(inputenc) not set up for use with LaTeX.
See the inputenc package documentation for explanation.
Type H <return> for immediate help.
Flavor: r-oldrel-windows-ix86+x86_64
Version: 1.1
Check: PDF version of manual without hyperrefs or index
Result: ERROR
Flavor: r-oldrel-windows-ix86+x86_64