CRAN Package Check Results for Package Rprofet

Last updated on 2023-02-02 06:55:05 CET.

Flavor Version Tinstall Tcheck Ttotal Status Flags
r-devel-linux-x86_64-debian-clang 2.2.1 8.43 93.79 102.22 NOTE
r-devel-linux-x86_64-debian-gcc 2.2.1 6.07 67.88 73.95 NOTE
r-devel-linux-x86_64-fedora-clang 2.2.1 132.77 NOTE
r-devel-linux-x86_64-fedora-gcc 2.2.1 123.46 NOTE
r-devel-windows-x86_64 2.2.1 17.00 117.00 134.00 NOTE
r-patched-linux-x86_64 2.2.1 6.55 86.15 92.70 NOTE
r-release-linux-x86_64 2.2.1 6.46 90.67 97.13 NOTE
r-release-macos-arm64 2.2.1 34.00 NOTE
r-release-macos-x86_64 2.2.1 67.00 NOTE
r-release-windows-x86_64 2.2.1 16.00 126.00 142.00 NOTE
r-oldrel-macos-arm64 2.2.1 53.00 NOTE
r-oldrel-macos-x86_64 2.2.1 56.00 NOTE
r-oldrel-windows-ix86+x86_64 2.2.1 20.00 116.00 136.00 NOTE

Check Details

Version: 2.2.1
Check: LazyData
Result: NOTE
     'LazyData' is specified without a 'data' directory
Flavors: r-devel-linux-x86_64-debian-clang, r-devel-linux-x86_64-debian-gcc, r-devel-linux-x86_64-fedora-clang, r-devel-linux-x86_64-fedora-gcc, r-devel-windows-x86_64, r-patched-linux-x86_64, r-release-linux-x86_64, r-release-macos-arm64, r-release-macos-x86_64, r-release-windows-x86_64, r-oldrel-macos-arm64, r-oldrel-macos-x86_64, r-oldrel-windows-ix86+x86_64