CRAN Package Check Results for Package Rpoet

Last updated on 2023-01-27 07:50:43 CET.

Flavor Version Tinstall Tcheck Ttotal Status Flags
r-devel-linux-x86_64-debian-clang 1.1.0 1.37 24.66 26.03 NOTE
r-devel-linux-x86_64-debian-gcc 1.1.0 1.56 19.20 20.76 NOTE
r-devel-linux-x86_64-fedora-clang 1.1.0 33.67 NOTE
r-devel-linux-x86_64-fedora-gcc 1.1.0 43.66 NOTE
r-devel-windows-x86_64 1.1.0 8.00 50.00 58.00 NOTE
r-patched-linux-x86_64 1.1.0 2.01 24.91 26.92 NOTE
r-release-linux-x86_64 1.1.0 1.37 25.08 26.45 NOTE
r-release-macos-arm64 1.1.0 16.00 NOTE
r-release-macos-x86_64 1.1.0 22.00 NOTE
r-release-windows-x86_64 1.1.0 11.00 60.00 71.00 NOTE
r-oldrel-macos-arm64 1.1.0 17.00 NOTE
r-oldrel-macos-x86_64 1.1.0 27.00 NOTE
r-oldrel-windows-ix86+x86_64 1.1.0 6.00 50.00 56.00 NOTE

Check Details

Version: 1.1.0
Check: LazyData
Result: NOTE
     'LazyData' is specified without a 'data' directory
Flavors: r-devel-linux-x86_64-debian-clang, r-devel-linux-x86_64-debian-gcc, r-devel-linux-x86_64-fedora-clang, r-devel-linux-x86_64-fedora-gcc, r-devel-windows-x86_64, r-patched-linux-x86_64, r-release-linux-x86_64, r-release-macos-arm64, r-release-macos-x86_64, r-release-windows-x86_64, r-oldrel-macos-arm64, r-oldrel-macos-x86_64, r-oldrel-windows-ix86+x86_64