CRAN Package Check Results for Package RoundAndRound

Last updated on 2023-01-26 06:53:07 CET.

Flavor Version Tinstall Tcheck Ttotal Status Flags
r-devel-linux-x86_64-debian-clang 0.0.1 2.76 25.02 27.78 OK
r-devel-linux-x86_64-debian-gcc 0.0.1 1.83 19.95 21.78 OK
r-devel-linux-x86_64-fedora-clang 0.0.1 35.78 NOTE
r-devel-linux-x86_64-fedora-gcc 0.0.1 34.04 NOTE
r-devel-windows-x86_64 0.0.1 14.00 60.00 74.00 OK
r-patched-linux-x86_64 0.0.1 1.81 25.45 27.26 OK
r-release-linux-x86_64 0.0.1 2.27 25.59 27.86 OK
r-release-macos-arm64 0.0.1 16.00 NOTE
r-release-macos-x86_64 0.0.1 24.00 NOTE
r-release-windows-x86_64 0.0.1 20.00 54.00 74.00 OK
r-oldrel-macos-arm64 0.0.1 22.00 NOTE
r-oldrel-macos-x86_64 0.0.1 29.00 NOTE
r-oldrel-windows-ix86+x86_64 0.0.1 7.00 54.00 61.00 OK

Check Details

Version: 0.0.1
Check: dependencies in R code
Result: NOTE
    Namespace in Imports field not imported from: ‘geometry’
     All declared Imports should be used.
Flavors: r-devel-linux-x86_64-fedora-clang, r-devel-linux-x86_64-fedora-gcc, r-release-macos-arm64, r-release-macos-x86_64, r-oldrel-macos-arm64, r-oldrel-macos-x86_64