CRAN Package Check Results for Package Rook

Last updated on 2022-10-01 07:08:08 CEST.

Flavor Version Tinstall Tcheck Ttotal Status Flags
r-devel-linux-x86_64-debian-clang 1.1-1 5.75 36.41 42.16 OK
r-devel-linux-x86_64-debian-gcc 1.1-1 5.31 28.05 33.36 OK
r-devel-linux-x86_64-fedora-clang 1.1-1 68.71 NOTE
r-devel-linux-x86_64-fedora-gcc 1.1-1 66.14 NOTE
r-devel-windows-x86_64 1.1-1 23.00 74.00 97.00 OK
r-patched-linux-x86_64 1.1-1 7.08 34.74 41.82 OK
r-release-linux-x86_64 1.1-1 5.39 34.97 40.36 OK
r-release-macos-arm64 1.1-1 19.00 OK
r-release-macos-x86_64 1.1-1 28.00 OK
r-release-windows-x86_64 1.1-1 29.00 63.00 92.00 OK
r-oldrel-macos-arm64 1.1-1 23.00 OK
r-oldrel-macos-x86_64 1.1-1 40.00 OK
r-oldrel-windows-ix86+x86_64 1.1-1 12.00 66.00 78.00 OK

Additional issues

rchk

Check Details

Version: 1.1-1
Check: compiled code
Result: NOTE
    File ‘Rook/libs/Rook.so’:
     Found no call to: ‘R_useDynamicSymbols’
    
    It is good practice to register native routines and to disable symbol
    search.
    
    See ‘Writing portable packages’ in the ‘Writing R Extensions’ manual.
Flavors: r-devel-linux-x86_64-fedora-clang, r-devel-linux-x86_64-fedora-gcc