Last updated on 2023-02-02 06:55:04 CET.
Flavor | Version | Tinstall | Tcheck | Ttotal | Status | Flags |
---|---|---|---|---|---|---|
r-devel-linux-x86_64-debian-clang | 0.3.2 | 326.26 | 83.37 | 409.63 | NOTE | |
r-devel-linux-x86_64-debian-gcc | 0.3.2 | 248.72 | 64.26 | 312.98 | NOTE | |
r-devel-linux-x86_64-fedora-clang | 0.3.2 | 564.37 | NOTE | |||
r-devel-linux-x86_64-fedora-gcc | 0.3.2 | 533.53 | NOTE | |||
r-patched-linux-x86_64 | 0.3.2 | 265.19 | 80.23 | 345.42 | OK | |
r-release-linux-x86_64 | 0.3.2 | 256.81 | 80.15 | 336.96 | OK | |
r-release-macos-arm64 | 0.3.2 | 119.00 | NOTE | |||
r-release-macos-x86_64 | 0.3.2 | 151.00 | NOTE | |||
r-release-windows-x86_64 | 0.3.2 | 236.00 | 143.00 | 379.00 | OK | |
r-oldrel-macos-arm64 | 0.3.2 | 132.00 | NOTE | |||
r-oldrel-macos-x86_64 | 0.3.2 | 162.00 | NOTE | |||
r-oldrel-windows-ix86+x86_64 | 0.3.2 | 676.00 | 149.00 | 825.00 | OK |
Version: 0.3.2
Check: C++ specification
Result: NOTE
Specified C++11: please update to current default of C++17
Flavors: r-devel-linux-x86_64-debian-clang, r-devel-linux-x86_64-debian-gcc, r-devel-linux-x86_64-fedora-clang, r-devel-linux-x86_64-fedora-gcc
Version: 0.3.2
Check: installed package size
Result: NOTE
installed size is 12.7Mb
sub-directories of 1Mb or more:
libs 12.5Mb
Flavors: r-release-macos-arm64, r-release-macos-x86_64, r-oldrel-macos-arm64, r-oldrel-macos-x86_64