Last updated on 2023-02-04 08:01:26 CET.
Flavor | Version | Tinstall | Tcheck | Ttotal | Status | Flags |
---|---|---|---|---|---|---|
r-devel-linux-x86_64-debian-clang | 0.2 | 5.89 | 48.04 | 53.93 | NOTE | |
r-devel-linux-x86_64-debian-gcc | 0.2 | 4.29 | 36.72 | 41.01 | NOTE | |
r-devel-linux-x86_64-fedora-clang | 0.2 | 66.86 | NOTE | |||
r-devel-linux-x86_64-fedora-gcc | 0.2 | 68.18 | NOTE | |||
r-devel-windows-x86_64 | 0.2 | 14.00 | 84.00 | 98.00 | NOTE | |
r-patched-linux-x86_64 | 0.2 | 5.17 | 45.10 | 50.27 | NOTE | |
r-release-linux-x86_64 | 0.2 | 4.25 | 47.49 | 51.74 | NOTE | |
r-release-macos-arm64 | 0.2 | 23.00 | NOTE | |||
r-release-macos-x86_64 | 0.2 | 33.00 | NOTE | |||
r-release-windows-x86_64 | 0.2 | 16.00 | 88.00 | 104.00 | NOTE | |
r-oldrel-macos-arm64 | 0.2 | 25.00 | NOTE | |||
r-oldrel-macos-x86_64 | 0.2 | 36.00 | NOTE | |||
r-oldrel-windows-ix86+x86_64 | 0.2 | 13.00 | 78.00 | 91.00 | NOTE |
Version: 0.2
Check: LazyData
Result: NOTE
'LazyData' is specified without a 'data' directory
Flavors: r-devel-linux-x86_64-debian-clang, r-devel-linux-x86_64-debian-gcc, r-devel-linux-x86_64-fedora-clang, r-devel-linux-x86_64-fedora-gcc, r-devel-windows-x86_64, r-patched-linux-x86_64, r-release-linux-x86_64, r-release-macos-arm64, r-release-macos-x86_64, r-release-windows-x86_64, r-oldrel-macos-arm64, r-oldrel-macos-x86_64, r-oldrel-windows-ix86+x86_64