Last updated on 2023-03-28 07:53:13 CEST.
Flavor | Version | Tinstall | Tcheck | Ttotal | Status | Flags |
---|---|---|---|---|---|---|
r-devel-linux-x86_64-debian-clang | 1.0.2 | 2.36 | 24.13 | 26.49 | NOTE | |
r-devel-linux-x86_64-debian-gcc | 1.0.2 | 1.89 | 19.42 | 21.31 | NOTE | |
r-devel-linux-x86_64-fedora-clang | 1.0.2 | 34.28 | NOTE | |||
r-devel-linux-x86_64-fedora-gcc | 1.0.2 | 33.59 | NOTE | |||
r-patched-linux-x86_64 | 1.0.2 | 3.85 | 23.90 | 27.75 | NOTE | |
r-release-linux-x86_64 | 1.0.2 | 2.11 | 25.19 | 27.30 | NOTE | |
r-release-macos-arm64 | 1.0.2 | 15.00 | OK | |||
r-release-macos-x86_64 | 1.0.2 | 22.00 | OK | |||
r-release-windows-x86_64 | 1.0.2 | 11.00 | 62.00 | 73.00 | OK | |
r-oldrel-macos-arm64 | 1.0.2 | 18.00 | OK | |||
r-oldrel-macos-x86_64 | 1.0.2 | 26.00 | OK | |||
r-oldrel-windows-ix86+x86_64 | 1.0.2 | 6.00 | 50.00 | 56.00 | OK |
Version: 1.0.2
Check: for non-standard things in the check directory
Result: NOTE
Found the following files/directories:
‘B110711CD4.CSV’ ‘inputparam2.txt’ ‘itcout0.pdf’ ‘itcout1.eps’
‘origin_data.csv’
Flavors: r-devel-linux-x86_64-debian-clang, r-devel-linux-x86_64-debian-gcc, r-devel-linux-x86_64-fedora-clang, r-devel-linux-x86_64-fedora-gcc, r-patched-linux-x86_64, r-release-linux-x86_64