CRAN Package Check Results for Package RiskPortfolios

Last updated on 2023-02-02 06:55:04 CET.

Flavor Version Tinstall Tcheck Ttotal Status Flags
r-devel-linux-x86_64-debian-clang 2.1.7 2.87 46.57 49.44 OK
r-devel-linux-x86_64-debian-gcc 2.1.7 2.70 33.44 36.14 OK
r-devel-linux-x86_64-fedora-clang 2.1.7 63.05 NOTE
r-devel-linux-x86_64-fedora-gcc 2.1.7 58.18 NOTE
r-patched-linux-x86_64 2.1.7 2.95 42.77 45.72 OK
r-release-linux-x86_64 2.1.7 2.35 43.73 46.08 OK
r-release-macos-arm64 2.1.7 21.00 NOTE
r-release-macos-x86_64 2.1.7 33.00 NOTE
r-release-windows-x86_64 2.1.7 30.00 75.00 105.00 OK
r-oldrel-macos-arm64 2.1.7 22.00 NOTE
r-oldrel-macos-x86_64 2.1.7 40.00 NOTE
r-oldrel-windows-ix86+x86_64 2.1.7 8.00 70.00 78.00 OK

Check Details

Version: 2.1.7
Check: dependencies in R code
Result: NOTE
    Namespace in Imports field not imported from: ‘MASS’
     All declared Imports should be used.
Flavors: r-devel-linux-x86_64-fedora-clang, r-devel-linux-x86_64-fedora-gcc, r-release-macos-arm64, r-release-macos-x86_64, r-oldrel-macos-arm64, r-oldrel-macos-x86_64