Last updated on 2023-01-30 09:54:23 CET.
Flavor | Version | Tinstall | Tcheck | Ttotal | Status | Flags |
---|---|---|---|---|---|---|
r-devel-linux-x86_64-debian-clang | 0.9.0.152 | 140.79 | 382.07 | 522.86 | OK | |
r-devel-linux-x86_64-debian-gcc | 0.9.0.152 | 114.55 | 289.24 | 403.79 | NOTE | |
r-devel-linux-x86_64-fedora-clang | 0.9.0.152 | 641.21 | NOTE | |||
r-devel-linux-x86_64-fedora-gcc | 0.9.0.152 | 643.78 | NOTE | |||
r-devel-windows-x86_64 | 0.9.0.152 | 143.00 | 291.00 | 434.00 | NOTE | |
r-patched-linux-x86_64 | 0.9.0.152 | 106.92 | 367.55 | 474.47 | OK | |
r-release-linux-x86_64 | 0.9.0.152 | 116.70 | 364.22 | 480.92 | OK | |
r-release-macos-arm64 | 0.9.0.152 | 134.00 | NOTE | |||
r-release-macos-x86_64 | 0.9.0.152 | 206.00 | NOTE | |||
r-release-windows-x86_64 | 0.9.0.152 | 128.00 | 287.00 | 415.00 | OK | |
r-oldrel-macos-arm64 | 0.9.0.152 | 137.00 | NOTE | |||
r-oldrel-macos-x86_64 | 0.9.0.152 | 210.00 | NOTE | |||
r-oldrel-windows-ix86+x86_64 | 0.9.0.152 | 139.00 | 22.00 | 161.00 | ERROR |
Version: 0.9.0.152
Check: C++ specification
Result: NOTE
Specified C++11: please update to current default of C++17
Flavors: r-devel-linux-x86_64-debian-gcc, r-devel-linux-x86_64-fedora-clang, r-devel-linux-x86_64-fedora-gcc, r-devel-windows-x86_64
Version: 0.9.0.152
Check: installed package size
Result: NOTE
installed size is 8.3Mb
sub-directories of 1Mb or more:
libs 8.1Mb
Flavors: r-release-macos-arm64, r-release-macos-x86_64, r-oldrel-macos-arm64, r-oldrel-macos-x86_64
Version: 0.9.0.152
Check: whether package can be installed
Result: ERROR
Installation failed.
Flavor: r-oldrel-windows-ix86+x86_64