CRAN Package Check Results for Package Rforestry

Last updated on 2024-02-23 07:52:19 CET.

Flavor Version Tinstall Tcheck Ttotal Status Flags
r-devel-linux-x86_64-debian-clang 0.10.0 OK
r-devel-linux-x86_64-debian-gcc 0.10.0 84.42 157.30 241.72 OK
r-devel-linux-x86_64-fedora-clang 0.10.0 423.62 OK
r-devel-linux-x86_64-fedora-gcc 0.10.0 443.08 OK
r-devel-windows-x86_64 0.10.0 81.00 166.00 247.00 OK
r-patched-linux-x86_64 0.10.0 83.79 206.74 290.53 OK
r-release-linux-x86_64 0.10.0 79.62 206.38 286.00 OK
r-release-macos-arm64 0.10.0 112.00 NOTE
r-release-macos-x86_64 0.10.0 147.00 ERROR
r-release-windows-x86_64 0.10.0 106.00 211.00 317.00 OK
r-oldrel-macos-arm64 0.10.0 84.00 NOTE
r-oldrel-windows-x86_64 0.10.0 97.00 197.00 294.00 OK

Check Details

Version: 0.10.0
Check: installed package size
Result: NOTE installed size is 7.7Mb sub-directories of 1Mb or more: libs 7.5Mb Flavors: r-release-macos-arm64, r-release-macos-x86_64, r-oldrel-macos-arm64

Version: 0.10.0
Check: tests
Result: ERROR Running ‘testthat.R’ [64s/56s] Running the tests in ‘tests/testthat.R’ failed. Last 13 lines of output: ▆ 1. ├─testthat::expect_error(...) at test-forestry.R:48:2 2. │ └─testthat:::quasi_capture(...) 3. │ ├─testthat (local) .capture(...) 4. │ │ └─base::withCallingHandlers(...) 5. │ └─rlang::eval_bare(quo_get_expr(.quo), quo_get_env(.quo)) 6. └─Rforestry::forestry(x = iris[, -1], y = iris[, 1], seed = seed_i) 7. └─base::tryCatch(...) 8. └─base (local) tryCatchList(expr, classes, parentenv, handlers) 9. └─base (local) tryCatchOne(expr, names, parentenv, handlers[[1L]]) 10. └─value[[3L]](cond) [ FAIL 1 | WARN 0 | SKIP 0 | PASS 1422 ] Error: Test failures Execution halted Flavor: r-release-macos-x86_64