CRAN Package Check Results for Package Rfolding

Last updated on 2023-01-27 07:50:42 CET.

Flavor Version Tinstall Tcheck Ttotal Status Flags
r-devel-linux-x86_64-debian-clang 1.0 1.90 24.67 26.57 NOTE
r-devel-linux-x86_64-debian-gcc 1.0 1.64 19.33 20.97 NOTE
r-devel-linux-x86_64-fedora-clang 1.0 35.65 NOTE
r-devel-linux-x86_64-fedora-gcc 1.0 46.71 NOTE
r-devel-windows-x86_64 1.0 10.00 53.00 63.00 NOTE
r-patched-linux-x86_64 1.0 2.13 25.04 27.17 NOTE
r-release-linux-x86_64 1.0 1.73 25.41 27.14 NOTE
r-release-macos-arm64 1.0 15.00 NOTE
r-release-macos-x86_64 1.0 23.00 NOTE
r-release-windows-x86_64 1.0 11.00 56.00 67.00 NOTE
r-oldrel-macos-arm64 1.0 16.00 NOTE
r-oldrel-macos-x86_64 1.0 26.00 NOTE
r-oldrel-windows-ix86+x86_64 1.0 6.00 55.00 61.00 NOTE

Check Details

Version: 1.0
Check: LazyData
Result: NOTE
     'LazyData' is specified without a 'data' directory
Flavors: r-devel-linux-x86_64-debian-clang, r-devel-linux-x86_64-debian-gcc, r-devel-linux-x86_64-fedora-clang, r-devel-linux-x86_64-fedora-gcc, r-devel-windows-x86_64, r-patched-linux-x86_64, r-release-linux-x86_64, r-release-macos-arm64, r-release-macos-x86_64, r-release-windows-x86_64, r-oldrel-macos-arm64, r-oldrel-macos-x86_64, r-oldrel-windows-ix86+x86_64