CRAN Package Check Results for Package Rfast2

Last updated on 2024-07-18 06:57:34 CEST.

Flavor Version Tinstall Tcheck Ttotal Status Flags
r-devel-linux-x86_64-debian-clang 0.1.5.2 649.56 85.44 735.00 OK
r-devel-linux-x86_64-debian-gcc 0.1.5.2 420.57 61.39 481.96 OK
r-devel-linux-x86_64-fedora-clang 0.1.5.2 1096.21 OK
r-devel-linux-x86_64-fedora-gcc 0.1.5.2 1137.69 OK
r-devel-windows-x86_64 0.1.5.2 514.00 135.00 649.00 NOTE
r-patched-linux-x86_64 0.1.5.2 555.80 83.76 639.56 OK
r-release-linux-x86_64 0.1.5.2 545.87 82.00 627.87 OK
r-release-macos-arm64 0.1.5.2 167.00 NOTE
r-release-macos-x86_64 0.1.5.2 151.00 NOTE
r-release-windows-x86_64 0.1.5.2 506.00 128.00 634.00 OK
r-oldrel-macos-arm64 0.1.5.2 172.00 NOTE
r-oldrel-macos-x86_64 0.1.5.2 202.00 NOTE
r-oldrel-windows-x86_64 0.1.5.2 620.00 157.00 777.00 OK

Check Details

Version: 0.1.5.2
Check: Rd cross-references
Result: NOTE Found the following Rd file(s) with Rd \link{} targets missing package anchors: bic.regs.Rd: logistic_only, poisson_only circ.cor1.Rd: spml.reg cor_test.Rd: allbetas, univglms el.cor.test.Rd: permcor fedhc.skel.Rd: data.frame.to_matrix fp.Rd: logistic_only, poisson_only is.skew.symmetric.Rd: cholesky, cora, cova mmhc.skel.Rd: data.frame.to_matrix pc.sel.Rd: pc.skel, omp Please provide package anchors for all Rd \link{} targets not in the package itself and the base packages. Flavor: r-devel-windows-x86_64

Version: 0.1.5.2
Check: installed package size
Result: NOTE installed size is 22.9Mb sub-directories of 1Mb or more: libs 22.1Mb Flavors: r-release-macos-arm64, r-release-macos-x86_64, r-oldrel-macos-arm64, r-oldrel-macos-x86_64