Last updated on 2023-06-06 08:02:11 CEST.
Flavor | Version | Tinstall | Tcheck | Ttotal | Status | Flags |
---|---|---|---|---|---|---|
r-devel-linux-x86_64-debian-clang | 2.0.7 | 1429.15 | 134.01 | 1563.16 | OK | |
r-devel-linux-x86_64-debian-gcc | 2.0.7 | 1056.74 | 100.53 | 1157.27 | OK | |
r-devel-linux-x86_64-fedora-clang | 2.0.7 | 2305.76 | NOTE | |||
r-devel-linux-x86_64-fedora-gcc | 2.0.7 | 2343.32 | OK | |||
r-devel-windows-x86_64 | 2.0.7 | 977.00 | 195.00 | 1172.00 | NOTE | |
r-patched-linux-x86_64 | 2.0.7 | 1130.07 | 126.24 | 1256.31 | OK | |
r-release-linux-x86_64 | 2.0.7 | 1113.25 | 127.95 | 1241.20 | OK | |
r-release-macos-arm64 | 2.0.7 | 458.00 | NOTE | |||
r-release-macos-x86_64 | 2.0.7 | 829.00 | NOTE | |||
r-release-windows-x86_64 | 2.0.7 | 1257.00 | 233.00 | 1490.00 | NOTE | |
r-oldrel-macos-arm64 | 2.0.7 | 357.00 | NOTE | |||
r-oldrel-macos-x86_64 | 2.0.7 | 517.00 | NOTE | |||
r-oldrel-windows-x86_64 | 2.0.7 | 1260.00 | 214.00 | 1474.00 | NOTE |
Version: 2.0.7
Check: installed package size
Result: NOTE
installed size is 5.1Mb
sub-directories of 1Mb or more:
libs 3.8Mb
Flavors: r-devel-linux-x86_64-fedora-clang, r-devel-windows-x86_64, r-release-macos-arm64, r-release-macos-x86_64, r-release-windows-x86_64, r-oldrel-macos-arm64, r-oldrel-macos-x86_64, r-oldrel-windows-x86_64