CRAN Package Check Results for Package RealVAMS

Last updated on 2023-02-02 06:55:03 CET.

Flavor Version Tinstall Tcheck Ttotal Status Flags
r-devel-linux-x86_64-debian-clang 0.4-5 38.05 89.64 127.69 NOTE
r-devel-linux-x86_64-debian-gcc 0.4-5 32.90 68.48 101.38 NOTE
r-devel-linux-x86_64-fedora-clang 0.4-5 175.37 NOTE
r-devel-linux-x86_64-fedora-gcc 0.4-5 172.05 NOTE
r-patched-linux-x86_64 0.4-5 42.88 87.92 130.80 OK
r-release-linux-x86_64 0.4-5 39.64 86.99 126.63 OK
r-release-macos-arm64 0.4-5 46.00 OK
r-release-macos-x86_64 0.4-5 65.00 OK
r-release-windows-x86_64 0.4-5 43.00 139.00 182.00 OK
r-oldrel-macos-arm64 0.4-5 50.00 OK
r-oldrel-macos-x86_64 0.4-5 64.00 OK
r-oldrel-windows-ix86+x86_64 0.4-5 104.00 155.00 259.00 OK

Check Details

Version: 0.4-5
Check: C++ specification
Result: NOTE
     Specified C++11: please update to current default of C++17
Flavors: r-devel-linux-x86_64-debian-clang, r-devel-linux-x86_64-debian-gcc, r-devel-linux-x86_64-fedora-clang, r-devel-linux-x86_64-fedora-gcc