CRAN Package Check Results for Package Rdimtools

Last updated on 2023-06-01 07:57:10 CEST.

Flavor Version Tinstall Tcheck Ttotal Status Flags
r-devel-linux-x86_64-debian-clang 1.1.2 294.05 271.56 565.61 NOTE
r-devel-linux-x86_64-debian-gcc 1.1.2 236.52 206.10 442.62 NOTE
r-devel-linux-x86_64-fedora-clang 1.1.2 774.28 NOTE
r-devel-linux-x86_64-fedora-gcc 1.1.2 829.36 NOTE
r-devel-windows-x86_64 1.1.2 209.00 285.00 494.00 NOTE
r-patched-linux-x86_64 1.1.2 NOTE
r-release-linux-x86_64 1.1.2 187.57 262.36 449.93 NOTE
r-release-macos-arm64 1.1.2 178.00 NOTE
r-release-macos-x86_64 1.1.2 334.00 NOTE
r-release-windows-x86_64 1.1.2 279.00 360.00 639.00 NOTE
r-oldrel-macos-arm64 1.1.2 169.00 NOTE
r-oldrel-macos-x86_64 1.1.2 218.00 NOTE
r-oldrel-windows-x86_64 1.1.2 266.00 305.00 571.00 NOTE

Check Details

Version: 1.1.2
Check: C++ specification
Result: NOTE
     Specified C++11: please drop specification unless essential
Flavors: r-devel-linux-x86_64-debian-clang, r-devel-linux-x86_64-debian-gcc, r-devel-linux-x86_64-fedora-clang, r-devel-linux-x86_64-fedora-gcc, r-devel-windows-x86_64, r-patched-linux-x86_64, r-release-linux-x86_64, r-release-macos-arm64, r-release-macos-x86_64, r-release-windows-x86_64

Version: 1.1.2
Check: installed package size
Result: NOTE
     installed size is 5.4Mb
     sub-directories of 1Mb or more:
     data 1.9Mb
     libs 1.7Mb
Flavors: r-devel-linux-x86_64-fedora-clang, r-devel-windows-x86_64, r-release-macos-arm64, r-release-macos-x86_64, r-release-windows-x86_64, r-oldrel-macos-arm64, r-oldrel-macos-x86_64, r-oldrel-windows-x86_64

Version: 1.1.2
Check: Rd cross-references
Result: NOTE
    Undeclared package ‘Rtsne’ in Rd xrefs
Flavor: r-devel-linux-x86_64-fedora-clang