CRAN Package Check Results for Package Rdimtools

Last updated on 2023-01-31 07:54:22 CET.

Flavor Version Tinstall Tcheck Ttotal Status Flags
r-devel-linux-x86_64-debian-clang 1.1.2 296.80 268.40 565.20 OK
r-devel-linux-x86_64-debian-gcc 1.1.2 229.06 198.34 427.40 NOTE
r-devel-linux-x86_64-fedora-clang 1.1.2 756.06 NOTE
r-devel-linux-x86_64-fedora-gcc 1.1.2 807.90 NOTE
r-devel-windows-x86_64 1.1.2 360.00 397.00 757.00 NOTE
r-patched-linux-x86_64 1.1.2 212.37 241.38 453.75 OK
r-release-linux-x86_64 1.1.2 203.30 245.52 448.82 OK
r-release-macos-arm64 1.1.2 169.00 NOTE
r-release-macos-x86_64 1.1.2 218.00 NOTE
r-release-windows-x86_64 1.1.2 310.00 381.00 691.00 NOTE
r-oldrel-macos-arm64 1.1.2 166.00 NOTE
r-oldrel-macos-x86_64 1.1.2 215.00 NOTE
r-oldrel-windows-ix86+x86_64 1.1.2 641.00 440.00 1081.00 NOTE

Check Details

Version: 1.1.2
Check: C++ specification
Result: NOTE
     Specified C++11: please update to current default of C++17
Flavors: r-devel-linux-x86_64-debian-gcc, r-devel-linux-x86_64-fedora-clang, r-devel-linux-x86_64-fedora-gcc, r-devel-windows-x86_64

Version: 1.1.2
Check: installed package size
Result: NOTE
     installed size is 5.5Mb
     sub-directories of 1Mb or more:
     data 1.9Mb
     libs 1.8Mb
Flavors: r-devel-linux-x86_64-fedora-clang, r-devel-windows-x86_64, r-release-macos-arm64, r-release-macos-x86_64, r-release-windows-x86_64, r-oldrel-macos-arm64, r-oldrel-macos-x86_64, r-oldrel-windows-ix86+x86_64

Version: 1.1.2
Check: Rd cross-references
Result: NOTE
    Undeclared package ‘Rtsne’ in Rd xrefs
Flavor: r-devel-linux-x86_64-fedora-clang