CRAN Package Check Results for Package Rcrawler

Last updated on 2023-01-26 06:53:06 CET.

Flavor Version Tinstall Tcheck Ttotal Status Flags
r-devel-linux-x86_64-debian-clang 0.1.9-1 7.00 50.52 57.52 NOTE
r-devel-linux-x86_64-debian-gcc 0.1.9-1 5.16 38.19 43.35 NOTE
r-devel-linux-x86_64-fedora-clang 0.1.9-1 70.01 NOTE
r-devel-linux-x86_64-fedora-gcc 0.1.9-1 72.88 NOTE
r-devel-windows-x86_64 0.1.9-1 23.00 84.00 107.00 NOTE
r-patched-linux-x86_64 0.1.9-1 7.73 48.80 56.53 NOTE
r-release-linux-x86_64 0.1.9-1 5.29 48.88 54.17 NOTE
r-release-macos-arm64 0.1.9-1 20.00 NOTE
r-release-macos-x86_64 0.1.9-1 31.00 NOTE
r-release-windows-x86_64 0.1.9-1 17.00 77.00 94.00 NOTE
r-oldrel-macos-arm64 0.1.9-1 21.00 NOTE
r-oldrel-macos-x86_64 0.1.9-1 37.00 NOTE
r-oldrel-windows-ix86+x86_64 0.1.9-1 16.00 72.00 88.00 NOTE

Check Details

Version: 0.1.9-1
Check: LazyData
Result: NOTE
     'LazyData' is specified without a 'data' directory
Flavors: r-devel-linux-x86_64-debian-clang, r-devel-linux-x86_64-debian-gcc, r-devel-linux-x86_64-fedora-clang, r-devel-linux-x86_64-fedora-gcc, r-devel-windows-x86_64, r-patched-linux-x86_64, r-release-linux-x86_64, r-release-macos-arm64, r-release-macos-x86_64, r-release-windows-x86_64, r-oldrel-macos-arm64, r-oldrel-macos-x86_64, r-oldrel-windows-ix86+x86_64