CRAN Package Check Results for Package RcppXsimd

Last updated on 2024-03-02 06:52:07 CET.

Flavor Version Tinstall Tcheck Ttotal Status Flags
r-devel-linux-x86_64-debian-clang 7.1.6 18.62 53.97 72.59 NOTE
r-devel-linux-x86_64-debian-gcc 7.1.6 16.77 38.35 55.12 NOTE
r-devel-linux-x86_64-fedora-clang 7.1.6 110.54 NOTE
r-devel-linux-x86_64-fedora-gcc 7.1.6 93.50 NOTE
r-devel-windows-x86_64 7.1.6 20.00 73.00 93.00 NOTE
r-patched-linux-x86_64 7.1.6 20.69 52.21 72.90 NOTE
r-release-linux-x86_64 7.1.6 21.13 52.55 73.68 NOTE
r-release-macos-arm64 7.1.6 25.00 NOTE
r-release-macos-x86_64 7.1.6 50.00 NOTE
r-release-windows-x86_64 7.1.6 21.00 83.00 104.00 NOTE
r-oldrel-macos-arm64 7.1.6 25.00 OK
r-oldrel-windows-x86_64 7.1.6 26.00 77.00 103.00 OK

Check Details

Version: 7.1.6
Check: C++ specification
Result: NOTE Specified C++14: please drop specification unless essential Flavors: r-devel-linux-x86_64-debian-clang, r-devel-linux-x86_64-debian-gcc, r-devel-linux-x86_64-fedora-clang, r-devel-linux-x86_64-fedora-gcc, r-devel-windows-x86_64, r-patched-linux-x86_64, r-release-linux-x86_64, r-release-macos-arm64, r-release-macos-x86_64, r-release-windows-x86_64