CRAN Package Check Results for Package RcppXsimd

Last updated on 2023-01-30 09:54:22 CET.

Flavor Version Tinstall Tcheck Ttotal Status Flags
r-devel-linux-x86_64-debian-clang 7.1.6 18.12 51.81 69.93 OK
r-devel-linux-x86_64-debian-gcc 7.1.6 16.32 37.69 54.01 NOTE
r-devel-linux-x86_64-fedora-clang 7.1.6 99.58 NOTE
r-devel-linux-x86_64-fedora-gcc 7.1.6 87.54 NOTE
r-devel-windows-x86_64 7.1.6 81.00 102.00 183.00 NOTE
r-patched-linux-x86_64 7.1.6 16.24 47.01 63.25 OK
r-release-linux-x86_64 7.1.6 15.28 46.33 61.61 OK
r-release-macos-arm64 7.1.6 23.00 OK
r-release-macos-x86_64 7.1.6 40.00 OK
r-release-windows-x86_64 7.1.6 45.00 101.00 146.00 OK
r-oldrel-macos-arm64 7.1.6 28.00 OK
r-oldrel-macos-x86_64 7.1.6 48.00 OK
r-oldrel-windows-ix86+x86_64 7.1.6 54.00 99.00 153.00 OK

Check Details

Version: 7.1.6
Check: C++ specification
Result: NOTE
     Specified C++14: please update to current default of C++17
Flavors: r-devel-linux-x86_64-debian-gcc, r-devel-linux-x86_64-fedora-clang, r-devel-linux-x86_64-fedora-gcc, r-devel-windows-x86_64