CRAN Package Check Results for Package RcppSMC

Last updated on 2022-10-01 07:08:06 CEST.

Flavor Version Tinstall Tcheck Ttotal Status Flags
r-devel-linux-x86_64-debian-clang 0.2.6 127.55 37.30 164.85 OK
r-devel-linux-x86_64-debian-gcc 0.2.6 104.36 27.36 131.72 OK
r-devel-linux-x86_64-fedora-clang 0.2.6 262.47 OK
r-devel-linux-x86_64-fedora-gcc 0.2.6 239.57 OK
r-devel-windows-x86_64 0.2.6 132.00 100.00 232.00 OK
r-patched-linux-x86_64 0.2.6 114.71 33.64 148.35 OK
r-release-linux-x86_64 0.2.6 107.30 33.64 140.94 OK
r-release-macos-arm64 0.2.6 55.00 NOTE
r-release-macos-x86_64 0.2.6 71.00 NOTE
r-release-windows-x86_64 0.2.6 123.00 86.00 209.00 OK
r-oldrel-macos-arm64 0.2.6 57.00 NOTE
r-oldrel-macos-x86_64 0.2.6 74.00 NOTE
r-oldrel-windows-ix86+x86_64 0.2.6 330.00 98.00 428.00 OK

Check Details

Version: 0.2.6
Check: installed package size
Result: NOTE
     installed size is 6.5Mb
     sub-directories of 1Mb or more:
     libs 6.1Mb
Flavors: r-release-macos-arm64, r-release-macos-x86_64, r-oldrel-macos-arm64, r-oldrel-macos-x86_64