Last updated on 2023-05-30 08:02:28 CEST.
Flavor | Version | Tinstall | Tcheck | Ttotal | Status | Flags |
---|---|---|---|---|---|---|
r-devel-linux-x86_64-debian-clang | 0.5-0 | 40.94 | 163.10 | 204.04 | OK | |
r-devel-linux-x86_64-debian-gcc | 0.5-0 | 36.24 | 136.98 | 173.22 | OK | |
r-devel-linux-x86_64-fedora-clang | 0.5-0 | 247.95 | OK | |||
r-devel-linux-x86_64-fedora-gcc | 0.5-0 | 318.56 | OK | |||
r-devel-windows-x86_64 | 0.5-0 | 36.00 | 162.00 | 198.00 | OK | |
r-patched-linux-x86_64 | 0.5-0 | 47.19 | 165.18 | 212.37 | OK | |
r-release-linux-x86_64 | 0.5-0 | 39.74 | 162.99 | 202.73 | OK | |
r-release-macos-arm64 | 0.5-0 | 79.00 | NOTE | |||
r-release-macos-x86_64 | 0.5-0 | 125.00 | NOTE | |||
r-release-windows-x86_64 | 0.5-0 | 50.00 | 199.00 | 249.00 | OK | |
r-oldrel-macos-arm64 | 0.5-0 | 72.00 | NOTE | |||
r-oldrel-macos-x86_64 | 0.5-0 | 84.00 | NOTE | |||
r-oldrel-windows-x86_64 | 0.5-0 | 46.00 | 183.00 | 229.00 | OK |
Version: 0.5-0
Check: installed package size
Result: NOTE
installed size is 6.8Mb
sub-directories of 1Mb or more:
libs 6.3Mb
Flavors: r-release-macos-arm64, r-release-macos-x86_64, r-oldrel-macos-arm64, r-oldrel-macos-x86_64