CRAN Package Check Results for Package RcppGreedySetCover

Last updated on 2023-01-27 07:50:41 CET.

Flavor Version Tinstall Tcheck Ttotal Status Flags
r-devel-linux-x86_64-debian-clang 0.1.0 22.98 31.72 54.70 NOTE
r-devel-linux-x86_64-debian-gcc 0.1.0 16.19 24.17 40.36 NOTE
r-devel-linux-x86_64-fedora-clang 0.1.0 75.87 NOTE
r-devel-linux-x86_64-fedora-gcc 0.1.0 65.21 NOTE
r-devel-windows-x86_64 0.1.0 41.00 79.00 120.00 NOTE
r-patched-linux-x86_64 0.1.0 18.75 32.15 50.90 NOTE
r-release-linux-x86_64 0.1.0 20.16 31.13 51.29 NOTE
r-release-macos-arm64 0.1.0 22.00 NOTE
r-release-macos-x86_64 0.1.0 32.00 NOTE
r-release-windows-x86_64 0.1.0 30.00 80.00 110.00 NOTE
r-oldrel-macos-arm64 0.1.0 28.00 NOTE
r-oldrel-macos-x86_64 0.1.0 39.00 NOTE
r-oldrel-windows-ix86+x86_64 0.1.0 54.00 91.00 145.00 NOTE

Check Details

Version: 0.1.0
Check: LazyData
Result: NOTE
     'LazyData' is specified without a 'data' directory
Flavors: r-devel-linux-x86_64-debian-clang, r-devel-linux-x86_64-debian-gcc, r-devel-linux-x86_64-fedora-clang, r-devel-linux-x86_64-fedora-gcc, r-devel-windows-x86_64, r-patched-linux-x86_64, r-release-linux-x86_64, r-release-macos-arm64, r-release-macos-x86_64, r-release-windows-x86_64, r-oldrel-macos-arm64, r-oldrel-macos-x86_64, r-oldrel-windows-ix86+x86_64

Version: 0.1.0
Check: C++ specification
Result: NOTE
     Specified C++11: please update to current default of C++17
Flavors: r-devel-linux-x86_64-debian-gcc, r-devel-linux-x86_64-fedora-gcc