CRAN Package Check Results for Package RcppGreedySetCover

Last updated on 2022-09-28 06:54:16 CEST.

Flavor Version Tinstall Tcheck Ttotal Status Flags
r-devel-linux-x86_64-debian-clang 0.1.0 21.74 32.85 54.59 NOTE
r-devel-linux-x86_64-debian-gcc 0.1.0 14.87 25.18 40.05 NOTE
r-devel-linux-x86_64-fedora-clang 0.1.0 85.03 NOTE
r-devel-linux-x86_64-fedora-gcc 0.1.0 78.29 NOTE
r-devel-windows-x86_64 0.1.0 35.00 78.00 113.00 NOTE
r-patched-linux-x86_64 0.1.0 18.31 31.42 49.73 NOTE
r-release-linux-x86_64 0.1.0 16.33 30.35 46.68 NOTE
r-release-macos-arm64 0.1.0 22.00 NOTE
r-release-macos-x86_64 0.1.0 32.00 NOTE
r-release-windows-x86_64 0.1.0 55.00 79.00 134.00 NOTE
r-oldrel-macos-arm64 0.1.0 28.00 NOTE
r-oldrel-macos-x86_64 0.1.0 39.00 NOTE
r-oldrel-windows-ix86+x86_64 0.1.0 55.00 91.00 146.00 NOTE

Check Details

Version: 0.1.0
Check: LazyData
Result: NOTE
     'LazyData' is specified without a 'data' directory
Flavors: r-devel-linux-x86_64-debian-clang, r-devel-linux-x86_64-debian-gcc, r-devel-linux-x86_64-fedora-clang, r-devel-linux-x86_64-fedora-gcc, r-devel-windows-x86_64, r-patched-linux-x86_64, r-release-linux-x86_64, r-release-macos-arm64, r-release-macos-x86_64, r-release-windows-x86_64, r-oldrel-macos-arm64, r-oldrel-macos-x86_64, r-oldrel-windows-ix86+x86_64