Last updated on 2023-01-28 07:15:05 CET.
Flavor | Version | Tinstall | Tcheck | Ttotal | Status | Flags |
---|---|---|---|---|---|---|
r-devel-linux-x86_64-debian-clang | 0.2.19.0.1 | 32.90 | 31.63 | 64.53 | OK | |
r-devel-linux-x86_64-debian-gcc | 0.2.19.0.1 | 27.19 | 24.20 | 51.39 | NOTE | |
r-devel-linux-x86_64-fedora-clang | 0.2.19.0.1 | 100.14 | OK | |||
r-devel-linux-x86_64-fedora-gcc | 0.2.19.0.1 | 101.24 | NOTE | |||
r-devel-windows-x86_64 | 0.2.19.0.1 | 413.00 | 100.00 | 513.00 | OK | |
r-patched-linux-x86_64 | 0.2.19.0.1 | 31.51 | 31.51 | 63.02 | OK | |
r-release-linux-x86_64 | 0.2.19.0.1 | 28.79 | 32.46 | 61.25 | OK | |
r-release-macos-arm64 | 0.2.19.0.1 | 28.00 | OK | |||
r-release-macos-x86_64 | 0.2.19.0.1 | 41.00 | OK | |||
r-release-windows-x86_64 | 0.2.19.0.1 | 653.00 | 99.00 | 752.00 | OK | |
r-oldrel-macos-arm64 | 0.2.19.0.1 | 36.00 | OK | |||
r-oldrel-macos-x86_64 | 0.2.19.0.1 | 39.00 | OK | |||
r-oldrel-windows-ix86+x86_64 | 0.2.19.0.1 | 94.00 | 97.00 | 191.00 | OK |
Version: 0.2.19.0.1
Check: C++ specification
Result: NOTE
Specified C++11: please update to current default of C++17
Flavors: r-devel-linux-x86_64-debian-gcc, r-devel-linux-x86_64-fedora-gcc