CRAN Package Check Results for Package RcppEigen

Last updated on 2022-12-06 06:50:04 CET.

Flavor Version Tinstall Tcheck Ttotal Status Flags
r-devel-linux-x86_64-debian-clang 0.3.3.9.3 76.29 87.80 164.09 OK
r-devel-linux-x86_64-debian-gcc 0.3.3.9.3 64.10 69.76 133.86 OK
r-devel-linux-x86_64-fedora-clang 0.3.3.9.3 221.93 NOTE
r-devel-linux-x86_64-fedora-gcc 0.3.3.9.3 241.34 OK
r-devel-windows-x86_64 0.3.3.9.3 624.00 294.00 918.00 NOTE
r-patched-linux-x86_64 0.3.3.9.3 71.32 85.92 157.24 OK
r-release-linux-x86_64 0.3.3.9.3 72.23 86.85 159.08 OK
r-release-macos-arm64 0.3.3.9.3 113.00 NOTE
r-release-macos-x86_64 0.3.3.9.3 133.00 NOTE
r-release-windows-x86_64 0.3.3.9.3 583.00 277.00 860.00 NOTE
r-oldrel-macos-arm64 0.3.3.9.3 112.00 NOTE
r-oldrel-macos-x86_64 0.3.3.9.3 151.00 NOTE
r-oldrel-windows-ix86+x86_64 0.3.3.9.3 172.00 383.00 555.00 NOTE

Check Details

Version: 0.3.3.9.3
Check: installed package size
Result: NOTE
     installed size is 8.9Mb
     sub-directories of 1Mb or more:
     include 7.9Mb
Flavors: r-devel-linux-x86_64-fedora-clang, r-devel-windows-x86_64, r-release-macos-arm64, r-release-macos-x86_64, r-release-windows-x86_64, r-oldrel-macos-arm64, r-oldrel-macos-x86_64, r-oldrel-windows-ix86+x86_64