Last updated on 2023-02-05 07:57:33 CET.
Flavor | Version | Tinstall | Tcheck | Ttotal | Status | Flags |
---|---|---|---|---|---|---|
r-devel-linux-x86_64-debian-clang | 0.5.5 | 74.33 | 41.04 | 115.37 | NOTE | |
r-devel-linux-x86_64-debian-gcc | 0.5.5 | 58.27 | 31.54 | 89.81 | NOTE | |
r-devel-linux-x86_64-fedora-clang | 0.5.5 | 150.75 | NOTE | |||
r-devel-linux-x86_64-fedora-gcc | 0.5.5 | 155.52 | NOTE | |||
r-devel-windows-x86_64 | 0.5.5 | 202.00 | 112.00 | 314.00 | NOTE | |
r-patched-linux-x86_64 | 0.5.5 | 60.79 | 39.14 | 99.93 | NOTE | |
r-release-linux-x86_64 | 0.5.5 | 60.90 | 39.23 | 100.13 | NOTE | |
r-release-macos-arm64 | 0.5.5 | 49.00 | NOTE | |||
r-release-macos-x86_64 | 0.5.5 | 61.00 | NOTE | |||
r-release-windows-x86_64 | 0.5.5 | 223.00 | 116.00 | 339.00 | NOTE | |
r-oldrel-macos-arm64 | 0.5.5 | 50.00 | NOTE | |||
r-oldrel-macos-x86_64 | 0.5.5 | 64.00 | NOTE | |||
r-oldrel-windows-ix86+x86_64 | 0.5.5 | 58.00 | 17.00 | 75.00 | ERROR |
Version: 0.5.5
Check: for GNU extensions in Makefiles
Result: NOTE
GNU make is a SystemRequirements.
Flavors: r-devel-linux-x86_64-debian-clang, r-devel-linux-x86_64-debian-gcc, r-devel-linux-x86_64-fedora-clang, r-devel-linux-x86_64-fedora-gcc, r-devel-windows-x86_64, r-patched-linux-x86_64, r-release-linux-x86_64, r-release-macos-arm64, r-release-macos-x86_64, r-release-windows-x86_64, r-oldrel-macos-arm64, r-oldrel-macos-x86_64
Version: 0.5.5
Check: installed package size
Result: NOTE
installed size is 7.4Mb
sub-directories of 1Mb or more:
libs 6.1Mb
Flavors: r-release-macos-arm64, r-release-macos-x86_64, r-oldrel-macos-arm64, r-oldrel-macos-x86_64
Version: 0.5.5
Check: whether package can be installed
Result: ERROR
Installation failed.
Flavor: r-oldrel-windows-ix86+x86_64