CRAN Package Check Results for Package RcppCWB

Last updated on 2022-09-25 06:54:18 CEST.

Flavor Version Tinstall Tcheck Ttotal Status Flags
r-devel-linux-x86_64-debian-clang 0.5.4 65.99 41.55 107.54 NOTE
r-devel-linux-x86_64-debian-gcc 0.5.4 57.16 32.78 89.94 NOTE
r-devel-linux-x86_64-fedora-clang 0.5.4 174.44 NOTE
r-devel-linux-x86_64-fedora-gcc 0.5.4 162.18 NOTE
r-devel-windows-x86_64 0.5.4 326.00 121.00 447.00 NOTE
r-patched-linux-x86_64 0.5.4 58.07 40.43 98.50 NOTE
r-release-linux-x86_64 0.5.4 57.59 39.45 97.04 NOTE
r-release-macos-arm64 0.5.4 51.00 NOTE
r-release-macos-x86_64 0.5.4 66.00 NOTE
r-release-windows-x86_64 0.5.4 222.00 106.00 328.00 NOTE
r-oldrel-macos-arm64 0.5.4 49.00 NOTE
r-oldrel-macos-x86_64 0.5.4 66.00 NOTE
r-oldrel-windows-ix86+x86_64 0.5.4 127.00 143.00 270.00 NOTE

Check Details

Version: 0.5.4
Check: for GNU extensions in Makefiles
Result: NOTE
    GNU make is a SystemRequirements.
Flavors: r-devel-linux-x86_64-debian-clang, r-devel-linux-x86_64-debian-gcc, r-devel-linux-x86_64-fedora-clang, r-devel-linux-x86_64-fedora-gcc, r-devel-windows-x86_64, r-patched-linux-x86_64, r-release-linux-x86_64, r-release-macos-arm64, r-release-macos-x86_64, r-release-windows-x86_64, r-oldrel-macos-arm64, r-oldrel-macos-x86_64, r-oldrel-windows-ix86+x86_64

Version: 0.5.4
Check: installed package size
Result: NOTE
     installed size is 7.4Mb
     sub-directories of 1Mb or more:
     libs 6.1Mb
Flavors: r-release-macos-arm64, r-release-macos-x86_64, r-oldrel-macos-arm64, r-oldrel-macos-x86_64, r-oldrel-windows-ix86+x86_64