Last updated on 2023-03-27 07:50:27 CEST.
Flavor | Version | Tinstall | Tcheck | Ttotal | Status | Flags |
---|---|---|---|---|---|---|
r-devel-linux-x86_64-debian-clang | 5.4.1 | 9.04 | 27.16 | 36.20 | OK | |
r-devel-linux-x86_64-debian-gcc | 5.4.1 | 7.60 | 21.14 | 28.74 | OK | |
r-devel-linux-x86_64-fedora-clang | 5.4.1 | 46.66 | NOTE | |||
r-devel-linux-x86_64-fedora-gcc | 5.4.1 | 46.25 | OK | |||
r-devel-windows-x86_64 | 5.4.1 | 720.00 | 93.00 | 813.00 | NOTE | |
r-patched-linux-x86_64 | 5.4.1 | 9.17 | 26.03 | 35.20 | OK | |
r-release-linux-x86_64 | 5.4.1 | 8.65 | 27.21 | 35.86 | OK | |
r-release-macos-arm64 | 5.4.1 | 22.00 | NOTE | |||
r-release-macos-x86_64 | 5.4.1 | 34.00 | NOTE | |||
r-release-windows-x86_64 | 5.4.1 | 486.00 | 126.00 | 612.00 | NOTE | |
r-oldrel-macos-arm64 | 5.4.1 | 25.00 | NOTE | |||
r-oldrel-macos-x86_64 | 5.4.1 | 34.00 | NOTE | |||
r-oldrel-windows-ix86+x86_64 | 5.4.1 | 34.00 | 56.00 | 90.00 | NOTE |
Version: 5.4.1
Check: installed package size
Result: NOTE
installed size is 45.4Mb
sub-directories of 1Mb or more:
include 45.2Mb
Flavors: r-devel-linux-x86_64-fedora-clang, r-devel-windows-x86_64, r-release-macos-arm64, r-release-macos-x86_64, r-release-windows-x86_64, r-oldrel-macos-arm64, r-oldrel-macos-x86_64, r-oldrel-windows-ix86+x86_64