CRAN Package Check Results for Package RcppArmadillo

Last updated on 2022-11-29 06:50:56 CET.

Flavor Version Tinstall Tcheck Ttotal Status Flags
r-devel-linux-x86_64-debian-clang 0.11.4.2.1 49.24 311.03 360.27 OK
r-devel-linux-x86_64-debian-gcc 0.11.4.2.1 38.26 221.57 259.83 OK
r-devel-linux-x86_64-fedora-clang 0.11.4.2.1 464.71 NOTE
r-devel-linux-x86_64-fedora-gcc 0.11.4.2.1 421.80 OK
r-devel-windows-x86_64 0.11.4.2.1 539.00 381.00 920.00 NOTE
r-patched-linux-x86_64 0.11.4.2.1 39.03 264.46 303.49 OK
r-release-linux-x86_64 0.11.4.2.1 40.38 261.57 301.95 OK
r-release-macos-arm64 0.11.4.2.1 122.00 NOTE
r-release-macos-x86_64 0.11.4.2.1 181.00 NOTE
r-release-windows-x86_64 0.11.4.2.1 191.00 400.00 591.00 NOTE
r-oldrel-macos-arm64 0.11.4.2.1 127.00 NOTE
r-oldrel-macos-x86_64 0.11.4.2.1 177.00 NOTE
r-oldrel-windows-ix86+x86_64 0.11.4.2.1 116.00 572.00 688.00 NOTE

Check Details

Version: 0.11.4.2.1
Check: installed package size
Result: NOTE
     installed size is 7.5Mb
     sub-directories of 1Mb or more:
     include 6.4Mb
Flavors: r-devel-linux-x86_64-fedora-clang, r-devel-windows-x86_64, r-release-macos-arm64, r-release-macos-x86_64, r-release-windows-x86_64, r-oldrel-macos-arm64, r-oldrel-macos-x86_64, r-oldrel-windows-ix86+x86_64