Last updated on 2023-10-02 07:56:36 CEST.
Flavor | Version | Tinstall | Tcheck | Ttotal | Status | Flags |
---|---|---|---|---|---|---|
r-devel-linux-x86_64-debian-clang | 0.12.6.4.0 | 51.87 | 310.85 | 362.72 | OK | |
r-devel-linux-x86_64-debian-gcc | 0.12.6.4.0 | 38.16 | 199.66 | 237.82 | OK | |
r-devel-linux-x86_64-fedora-clang | 0.12.6.4.0 | 464.72 | NOTE | |||
r-devel-linux-x86_64-fedora-gcc | 0.12.6.4.0 | 546.33 | OK | |||
r-devel-windows-x86_64 | 0.12.6.4.0 | 51.00 | 324.00 | 375.00 | NOTE | |
r-patched-linux-x86_64 | 0.12.6.4.0 | 53.15 | 308.22 | 361.37 | OK | |
r-release-linux-x86_64 | 0.12.6.4.0 | 52.27 | 308.61 | 360.88 | OK | |
r-release-macos-arm64 | 0.12.6.4.0 | 145.00 | NOTE | |||
r-release-macos-x86_64 | 0.12.6.4.0 | 301.00 | NOTE | |||
r-release-windows-x86_64 | 0.12.6.4.0 | 59.00 | 327.00 | 386.00 | NOTE | |
r-oldrel-macos-arm64 | 0.12.6.4.0 | 126.00 | NOTE | |||
r-oldrel-macos-x86_64 | 0.12.6.4.0 | 206.00 | NOTE | |||
r-oldrel-windows-x86_64 | 0.12.6.4.0 | 59.00 | 316.00 | 375.00 | NOTE |
Version: 0.12.6.4.0
Check: installed package size
Result: NOTE
installed size is 7.6Mb
sub-directories of 1Mb or more:
include 6.5Mb
Flavors: r-devel-linux-x86_64-fedora-clang, r-devel-windows-x86_64, r-release-macos-arm64, r-release-macos-x86_64, r-release-windows-x86_64, r-oldrel-macos-arm64, r-oldrel-macos-x86_64, r-oldrel-windows-x86_64