Last updated on 2023-02-03 06:50:30 CET.
Flavor | Version | Tinstall | Tcheck | Ttotal | Status | Flags |
---|---|---|---|---|---|---|
r-devel-linux-x86_64-debian-clang | 0.0.20 | 52.41 | 93.81 | 146.22 | NOTE | |
r-devel-linux-x86_64-debian-gcc | 0.0.20 | 42.22 | 68.85 | 111.07 | NOTE | |
r-devel-linux-x86_64-fedora-clang | 0.0.20 | 194.64 | NOTE | |||
r-devel-linux-x86_64-fedora-gcc | 0.0.20 | 198.00 | NOTE | |||
r-patched-linux-x86_64 | 0.0.20 | 44.67 | 90.97 | 135.64 | OK | |
r-release-linux-x86_64 | 0.0.20 | 43.53 | 92.82 | 136.35 | OK | |
r-release-macos-arm64 | 0.0.20 | 61.00 | NOTE | |||
r-release-macos-x86_64 | 0.0.20 | 67.00 | NOTE | |||
r-release-windows-x86_64 | 0.0.20 | 64.00 | 171.00 | 235.00 | OK | |
r-oldrel-macos-arm64 | 0.0.20 | 58.00 | NOTE | |||
r-oldrel-macos-x86_64 | 0.0.20 | 71.00 | NOTE | |||
r-oldrel-windows-ix86+x86_64 | 0.0.20 | 138.00 | 228.00 | 366.00 | OK |
Version: 0.0.20
Check: C++ specification
Result: NOTE
Specified C++11: please update to current default of C++17
Flavors: r-devel-linux-x86_64-debian-clang, r-devel-linux-x86_64-debian-gcc, r-devel-linux-x86_64-fedora-clang, r-devel-linux-x86_64-fedora-gcc
Version: 0.0.20
Check: installed package size
Result: NOTE
installed size is 6.2Mb
sub-directories of 1Mb or more:
libs 5.9Mb
Flavors: r-release-macos-arm64, r-release-macos-x86_64, r-oldrel-macos-arm64, r-oldrel-macos-x86_64