Last updated on 2023-06-01 07:57:10 CEST.
Flavor | Version | Tinstall | Tcheck | Ttotal | Status | Flags |
---|---|---|---|---|---|---|
r-devel-linux-x86_64-debian-clang | 1.0.10 | 62.34 | 82.83 | 145.17 | OK | |
r-devel-linux-x86_64-debian-gcc | 1.0.10 | 42.06 | 66.53 | 108.59 | OK | |
r-devel-linux-x86_64-fedora-clang | 1.0.10 | 211.36 | NOTE | |||
r-devel-linux-x86_64-fedora-gcc | 1.0.10 | 226.67 | NOTE | |||
r-devel-windows-x86_64 | 1.0.10 | 56.00 | 215.00 | 271.00 | NOTE | |
r-patched-linux-x86_64 | 1.0.10 | OK | ||||
r-release-linux-x86_64 | 1.0.10 | 46.98 | 81.20 | 128.18 | OK | |
r-release-macos-arm64 | 1.0.10 | 74.00 | NOTE | |||
r-release-macos-x86_64 | 1.0.10 | 115.00 | NOTE | |||
r-release-windows-x86_64 | 1.0.10 | 54.00 | 191.00 | 245.00 | NOTE | |
r-oldrel-macos-arm64 | 1.0.10 | 65.00 | NOTE | |||
r-oldrel-macos-x86_64 | 1.0.10 | 117.00 | NOTE | |||
r-oldrel-windows-x86_64 | 1.0.10 | 62.00 | 189.00 | 251.00 | NOTE |
Version: 1.0.10
Check: installed package size
Result: NOTE
installed size is 10.2Mb
sub-directories of 1Mb or more:
doc 1.1Mb
include 6.4Mb
tinytest 1.0Mb
Flavors: r-devel-linux-x86_64-fedora-clang, r-devel-windows-x86_64, r-release-macos-arm64, r-release-macos-x86_64, r-release-windows-x86_64, r-oldrel-macos-arm64, r-oldrel-macos-x86_64, r-oldrel-windows-x86_64
Version: 1.0.10
Check: foreign function calls
Result: NOTE
Registration problem:
symbol ‘symbol’ in the local frame:
.Call(symbol)
See chapter ‘System and foreign language interfaces’ in the ‘Writing R
Extensions’ manual.
Flavors: r-devel-linux-x86_64-fedora-clang, r-devel-linux-x86_64-fedora-gcc