Last updated on 2023-03-25 07:02:30 CET.
Flavor | Version | Tinstall | Tcheck | Ttotal | Status | Flags |
---|---|---|---|---|---|---|
r-devel-linux-x86_64-debian-clang | 1.0.2 | 19.48 | 155.42 | 174.90 | NOTE | |
r-devel-linux-x86_64-debian-gcc | 1.0.2 | 15.77 | 112.16 | 127.93 | NOTE | |
r-devel-linux-x86_64-fedora-clang | 1.0.2 | 219.05 | NOTE | |||
r-devel-linux-x86_64-fedora-gcc | 1.0.2 | 210.78 | NOTE | |||
r-devel-windows-x86_64 | 1.0.2 | 37.00 | 248.00 | 285.00 | NOTE | |
r-patched-linux-x86_64 | 1.0.2 | 29.11 | 151.20 | 180.31 | NOTE | |
r-release-linux-x86_64 | 1.0.2 | 22.28 | 153.65 | 175.93 | NOTE | |
r-release-macos-arm64 | 1.0.2 | 62.00 | NOTE | |||
r-release-macos-x86_64 | 1.0.2 | 137.00 | NOTE | |||
r-release-windows-x86_64 | 1.0.2 | 51.00 | 183.00 | 234.00 | NOTE | |
r-oldrel-macos-arm64 | 1.0.2 | 55.00 | NOTE | |||
r-oldrel-macos-x86_64 | 1.0.2 | 127.00 | NOTE | |||
r-oldrel-windows-ix86+x86_64 | 1.0.2 | 44.00 | 159.00 | 203.00 | NOTE |
Version: 1.0.2
Check: LazyData
Result: NOTE
'LazyData' is specified without a 'data' directory
Flavors: r-devel-linux-x86_64-debian-clang, r-devel-linux-x86_64-debian-gcc, r-devel-linux-x86_64-fedora-clang, r-devel-linux-x86_64-fedora-gcc, r-devel-windows-x86_64, r-patched-linux-x86_64, r-release-linux-x86_64, r-release-macos-arm64, r-release-macos-x86_64, r-release-windows-x86_64, r-oldrel-macos-arm64, r-oldrel-macos-x86_64, r-oldrel-windows-ix86+x86_64