CRAN Package Check Results for Package RcmdrMisc

Last updated on 2024-02-23 07:52:18 CET.

Flavor Version Tinstall Tcheck Ttotal Status Flags
r-devel-linux-x86_64-debian-clang 2.9-1 NOTE
r-devel-linux-x86_64-debian-gcc 2.9-1 7.41 59.69 67.10 NOTE
r-devel-linux-x86_64-fedora-clang 2.9-1 114.82 NOTE
r-devel-linux-x86_64-fedora-gcc 2.9-1 113.91 NOTE
r-devel-windows-x86_64 2.9-1 11.00 85.00 96.00 OK
r-patched-linux-x86_64 2.9-1 18.88 77.49 96.37 OK
r-release-linux-x86_64 2.9-1 8.79 77.37 86.16 OK
r-release-macos-arm64 2.9-1 34.00 OK
r-release-macos-x86_64 2.9-1 77.00 OK
r-release-windows-x86_64 2.9-1 16.00 101.00 117.00 OK
r-oldrel-macos-arm64 2.9-1 37.00 OK
r-oldrel-windows-x86_64 2.9-1 15.00 108.00 123.00 OK

Check Details

Version: 2.9-1
Check: Rd files
Result: NOTE checkRd: (-1) indexplot.Rd:28: Lost braces 28 | \item{legend}{keyword (see \code{link}[grapics]{legend}) giving location of the legend if \code{groups} are specified; | ^ Flavors: r-devel-linux-x86_64-debian-clang, r-devel-linux-x86_64-debian-gcc, r-devel-linux-x86_64-fedora-clang, r-devel-linux-x86_64-fedora-gcc