Last updated on 2023-02-07 07:54:11 CET.
Flavor | Version | Tinstall | Tcheck | Ttotal | Status | Flags |
---|---|---|---|---|---|---|
r-devel-linux-x86_64-debian-clang | 1.3.82 | 8.00 | 134.98 | 142.98 | OK | |
r-devel-linux-x86_64-debian-gcc | 1.3.82 | 5.89 | 97.37 | 103.26 | OK | |
r-devel-linux-x86_64-fedora-clang | 1.3.82 | 159.80 | NOTE | |||
r-devel-linux-x86_64-fedora-gcc | 1.3.82 | 147.70 | NOTE | |||
r-devel-windows-x86_64 | 1.3.82 | 27.00 | 151.00 | 178.00 | OK | |
r-patched-linux-x86_64 | 1.3.82 | 9.18 | 116.26 | 125.44 | OK | |
r-release-linux-x86_64 | 1.3.82 | 9.58 | 115.36 | 124.94 | OK | |
r-release-macos-arm64 | 1.3.82 | 40.00 | NOTE | |||
r-release-macos-x86_64 | 1.3.82 | 79.00 | NOTE | |||
r-release-windows-x86_64 | 1.3.82 | 25.00 | 157.00 | 182.00 | OK | |
r-oldrel-macos-arm64 | 1.3.82 | 47.00 | NOTE | |||
r-oldrel-macos-x86_64 | 1.3.82 | 78.00 | NOTE | |||
r-oldrel-windows-ix86+x86_64 | 1.3.82 | 18.00 | 142.00 | 160.00 | OK |
Version: 1.3.82
Check: data for non-ASCII characters
Result: NOTE
Note: found 26334 marked UTF-8 strings
Flavors: r-devel-linux-x86_64-fedora-clang, r-devel-linux-x86_64-fedora-gcc, r-release-macos-arm64, r-release-macos-x86_64, r-oldrel-macos-arm64, r-oldrel-macos-x86_64