Last updated on 2023-02-06 06:52:06 CET.
Flavor | Version | Tinstall | Tcheck | Ttotal | Status | Flags |
---|---|---|---|---|---|---|
r-devel-linux-x86_64-debian-clang | 0.98.0 | 70.00 | 69.26 | 139.26 | OK | |
r-devel-linux-x86_64-debian-gcc | 0.98.0 | 53.71 | 55.97 | 109.68 | OK | |
r-devel-linux-x86_64-fedora-clang | 0.98.0 | 198.02 | OK | |||
r-devel-linux-x86_64-fedora-gcc | 0.98.0 | 195.65 | OK | |||
r-devel-windows-x86_64 | 0.98.0 | 99.00 | 176.00 | 275.00 | OK | |
r-patched-linux-x86_64 | 0.98.0 | 58.35 | 69.94 | 128.29 | OK | |
r-release-linux-x86_64 | 0.98.0 | 54.47 | 69.15 | 123.62 | OK | |
r-release-macos-arm64 | 0.98.0 | 69.00 | NOTE | |||
r-release-macos-x86_64 | 0.98.0 | 82.00 | NOTE | |||
r-release-windows-x86_64 | 0.98.0 | 81.00 | 178.00 | 259.00 | OK | |
r-oldrel-macos-arm64 | 0.98.0 | 70.00 | NOTE | |||
r-oldrel-macos-x86_64 | 0.98.0 | 89.00 | NOTE | |||
r-oldrel-windows-ix86+x86_64 | 0.98.0 | 158.00 | 187.00 | 345.00 | OK |
Version: 0.98.0
Check: installed package size
Result: NOTE
installed size is 5.3Mb
sub-directories of 1Mb or more:
libs 4.7Mb
Flavors: r-release-macos-arm64, r-release-macos-x86_64, r-oldrel-macos-arm64, r-oldrel-macos-x86_64