Last updated on 2023-02-07 07:54:11 CET.
Flavor | Version | Tinstall | Tcheck | Ttotal | Status | Flags |
---|---|---|---|---|---|---|
r-devel-linux-x86_64-debian-clang | 2.3.4 | 10.66 | 84.08 | 94.74 | NOTE | |
r-devel-linux-x86_64-debian-gcc | 2.3.4 | 9.36 | 62.46 | 71.82 | NOTE | |
r-devel-linux-x86_64-fedora-clang | 2.3.4 | 119.81 | NOTE | |||
r-devel-linux-x86_64-fedora-gcc | 2.3.4 | 125.87 | NOTE | |||
r-devel-windows-x86_64 | 2.3.4 | 35.00 | 116.00 | 151.00 | NOTE | |
r-patched-linux-x86_64 | 2.3.4 | 12.18 | 83.62 | 95.80 | NOTE | |
r-release-linux-x86_64 | 2.3.4 | 9.16 | 85.20 | 94.36 | NOTE | |
r-release-macos-arm64 | 2.3.4 | 34.00 | NOTE | |||
r-release-macos-x86_64 | 2.3.4 | 58.00 | NOTE | |||
r-release-windows-x86_64 | 2.3.4 | 31.00 | 126.00 | 157.00 | NOTE | |
r-oldrel-macos-arm64 | 2.3.4 | 40.00 | NOTE | |||
r-oldrel-macos-x86_64 | 2.3.4 | 64.00 | NOTE | |||
r-oldrel-windows-ix86+x86_64 | 2.3.4 | 28.00 | 118.00 | 146.00 | NOTE |
Version: 2.3.4
Check: LazyData
Result: NOTE
'LazyData' is specified without a 'data' directory
Flavors: r-devel-linux-x86_64-debian-clang, r-devel-linux-x86_64-debian-gcc, r-devel-linux-x86_64-fedora-clang, r-devel-linux-x86_64-fedora-gcc, r-devel-windows-x86_64, r-patched-linux-x86_64, r-release-linux-x86_64, r-release-macos-arm64, r-release-macos-x86_64, r-release-windows-x86_64, r-oldrel-macos-arm64, r-oldrel-macos-x86_64, r-oldrel-windows-ix86+x86_64