Last updated on 2023-03-31 07:53:36 CEST.
Flavor | Version | Tinstall | Tcheck | Ttotal | Status | Flags |
---|---|---|---|---|---|---|
r-devel-linux-x86_64-debian-clang | 1.0.1 | 10.24 | 24.48 | 34.72 | OK | |
r-devel-linux-x86_64-debian-gcc | 1.0.1 | 8.76 | 19.34 | 28.10 | OK | |
r-devel-linux-x86_64-fedora-clang | 1.0.1 | 44.65 | OK | |||
r-devel-linux-x86_64-fedora-gcc | 1.0.1 | 46.29 | OK | |||
r-devel-windows-x86_64 | 1.0.1 | 21.00 | 0.00 | 21.00 | OK | |
r-patched-linux-x86_64 | 1.0.1 | 9.45 | 24.36 | 33.81 | OK | |
r-release-linux-x86_64 | 1.0.1 | 10.30 | 26.94 | 37.24 | OK | |
r-release-macos-arm64 | 1.0.1 | 22.00 | NOTE | |||
r-release-macos-x86_64 | 1.0.1 | 28.00 | OK | |||
r-release-windows-x86_64 | 1.0.1 | 20.00 | 59.00 | 79.00 | OK | |
r-oldrel-macos-arm64 | 1.0.1 | 27.00 | NOTE | |||
r-oldrel-macos-x86_64 | 1.0.1 | 39.00 | OK | |||
r-oldrel-windows-ix86+x86_64 | 1.0.1 | 17.00 | 52.00 | 69.00 | OK |
Version: 1.0.1
Check: installed package size
Result: NOTE
installed size is 5.2Mb
sub-directories of 1Mb or more:
data 5.0Mb
Flavors: r-release-macos-arm64, r-oldrel-macos-arm64