CRAN Package Check Results for Package RadData

Last updated on 2024-03-02 06:52:06 CET.

Flavor Version Tinstall Tcheck Ttotal Status Flags
r-devel-linux-x86_64-debian-clang 1.0.1 10.01 24.54 34.55 OK
r-devel-linux-x86_64-debian-gcc 1.0.1 8.77 20.13 28.90 OK
r-devel-linux-x86_64-fedora-clang 1.0.1 46.65 OK
r-devel-linux-x86_64-fedora-gcc 1.0.1 45.81 OK
r-devel-windows-x86_64 1.0.1 10.00 40.00 50.00 OK
r-patched-linux-x86_64 1.0.1 9.65 25.21 34.86 OK
r-release-linux-x86_64 1.0.1 9.54 24.56 34.10 OK
r-release-macos-arm64 1.0.1 25.00 NOTE
r-release-macos-x86_64 1.0.1 33.00 NOTE
r-release-windows-x86_64 1.0.1 11.00 42.00 53.00 OK
r-oldrel-macos-arm64 1.0.1 23.00 NOTE
r-oldrel-windows-x86_64 1.0.1 14.00 46.00 60.00 OK

Check Details

Version: 1.0.1
Check: installed package size
Result: NOTE installed size is 5.2Mb sub-directories of 1Mb or more: data 5.0Mb Flavors: r-release-macos-arm64, r-release-macos-x86_64, r-oldrel-macos-arm64