CRAN Package Check Results for Package RZigZag

Last updated on 2024-07-14 06:54:34 CEST.

Flavor Version Tinstall Tcheck Ttotal Status Flags
r-devel-linux-x86_64-debian-clang 0.2.1 117.80 29.38 147.18 NOTE
r-devel-linux-x86_64-debian-gcc 0.2.1 77.09 25.58 102.67 NOTE
r-devel-linux-x86_64-fedora-clang 0.2.1 215.75 NOTE
r-devel-linux-x86_64-fedora-gcc 0.2.1 232.32 NOTE
r-devel-windows-x86_64 0.2.1 89.00 66.00 155.00 NOTE
r-patched-linux-x86_64 0.2.1 97.50 31.80 129.30 NOTE
r-release-linux-x86_64 0.2.1 98.68 30.85 129.53 NOTE
r-release-macos-arm64 0.2.1 42.00 NOTE
r-release-macos-x86_64 0.2.1 48.00 NOTE
r-release-windows-x86_64 0.2.1 88.00 72.00 160.00 NOTE
r-oldrel-macos-arm64 0.2.1 65.00 NOTE
r-oldrel-macos-x86_64 0.2.1 84.00 NOTE
r-oldrel-windows-x86_64 0.2.1 109.00 75.00 184.00 OK

Check Details

Version: 0.2.1
Check: Rd files
Result: NOTE checkRd: (-1) ZigZagLogistic.Rd:11: Lost braces; missing escapes or markup? 11 | \item{dataX}{Design matrix containing observations of the independent variables x. The i-th row represents the i-th observation with components x_{i,1}, ..., x_{i,d}.} | ^ checkRd: (-1) ZigZagLogistic.Rd:11: Lost braces; missing escapes or markup? 11 | \item{dataX}{Design matrix containing observations of the independent variables x. The i-th row represents the i-th observation with components x_{i,1}, ..., x_{i,d}.} | ^ checkRd: (-1) ZigZagLogistic.Rd:13: Lost braces; missing escapes or markup? 13 | \item{dataY}{Vector of length n containing {0, 1}-valued observations of the dependent variable y.} | ^ Flavors: r-devel-linux-x86_64-debian-clang, r-devel-linux-x86_64-debian-gcc, r-devel-linux-x86_64-fedora-clang, r-devel-linux-x86_64-fedora-gcc, r-devel-windows-x86_64, r-patched-linux-x86_64, r-release-linux-x86_64, r-release-macos-arm64, r-release-macos-x86_64, r-release-windows-x86_64

Version: 0.2.1
Check: installed package size
Result: NOTE installed size is 15.5Mb sub-directories of 1Mb or more: libs 15.4Mb Flavors: r-release-macos-arm64, r-release-macos-x86_64, r-oldrel-macos-arm64, r-oldrel-macos-x86_64