Last updated on 2023-10-01 08:52:10 CEST.
Flavor | Version | Tinstall | Tcheck | Ttotal | Status | Flags |
---|---|---|---|---|---|---|
r-devel-linux-x86_64-debian-clang | 0.2.1 | 118.64 | 28.71 | 147.35 | OK | |
r-devel-linux-x86_64-debian-gcc | 0.2.1 | 83.28 | 24.46 | 107.74 | OK | |
r-devel-linux-x86_64-fedora-clang | 0.2.1 | 203.99 | OK | |||
r-devel-linux-x86_64-fedora-gcc | 0.2.1 | 217.41 | OK | |||
r-devel-windows-x86_64 | 0.2.1 | 83.00 | 70.00 | 153.00 | OK | |
r-patched-linux-x86_64 | 0.2.1 | 112.41 | 30.36 | 142.77 | OK | |
r-release-linux-x86_64 | 0.2.1 | 115.85 | 30.60 | 146.45 | OK | |
r-release-macos-arm64 | 0.2.1 | 65.00 | NOTE | |||
r-release-macos-x86_64 | 0.2.1 | 84.00 | NOTE | |||
r-release-windows-x86_64 | 0.2.1 | 109.00 | 78.00 | 187.00 | OK | |
r-oldrel-macos-arm64 | 0.2.1 | 48.00 | NOTE | |||
r-oldrel-macos-x86_64 | 0.2.1 | 60.00 | NOTE | |||
r-oldrel-windows-x86_64 | 0.2.1 | 96.00 | 68.00 | 164.00 | OK |
Version: 0.2.1
Check: installed package size
Result: NOTE
installed size is 16.1Mb
sub-directories of 1Mb or more:
libs 16.0Mb
Flavors: r-release-macos-arm64, r-release-macos-x86_64, r-oldrel-macos-arm64, r-oldrel-macos-x86_64