CRAN Package Check Results for Package RWsearch

Last updated on 2024-02-27 07:54:59 CET.

Flavor Version Tinstall Tcheck Ttotal Status Flags
r-devel-linux-x86_64-debian-clang 5.0.5 7.26 76.91 84.17 NOTE
r-devel-linux-x86_64-debian-gcc 5.0.5 6.90 58.29 65.19 NOTE
r-devel-linux-x86_64-fedora-clang 5.0.5 111.28 NOTE
r-devel-linux-x86_64-fedora-gcc 5.0.5 126.43 NOTE
r-devel-windows-x86_64 5.0.5 8.00 83.00 91.00 OK
r-patched-linux-x86_64 5.0.5 6.20 75.47 81.67 OK
r-release-linux-x86_64 5.0.5 5.57 74.81 80.38 OK
r-release-macos-arm64 5.0.5 58.00 OK
r-release-macos-x86_64 5.0.5 73.00 NOTE
r-release-windows-x86_64 5.0.5 11.00 93.00 104.00 OK
r-oldrel-macos-arm64 5.0.5 44.00 OK
r-oldrel-windows-x86_64 5.0.5 13.00 88.00 101.00 OK

Check Details

Version: 5.0.5
Check: Rd files
Result: NOTE checkRd: (-1) s_crandb_tvdb.Rd:63: Lost braces in \itemize; \value handles \item{}{} directly checkRd: (-1) s_crandb_tvdb.Rd:64: Lost braces in \itemize; \value handles \item{}{} directly checkRd: (-1) s_crandb_tvdb.Rd:65: Lost braces in \itemize; \value handles \item{}{} directly checkRd: (-1) s_crandb_tvdb.Rd:66: Lost braces in \itemize; \value handles \item{}{} directly checkRd: (-1) s_crandb_tvdb.Rd:67: Lost braces in \itemize; \value handles \item{}{} directly checkRd: (-1) s_crandb_tvdb.Rd:68: Lost braces in \itemize; \value handles \item{}{} directly checkRd: (-1) s_crandb_tvdb.Rd:69: Lost braces in \itemize; \value handles \item{}{} directly Flavors: r-devel-linux-x86_64-debian-clang, r-devel-linux-x86_64-debian-gcc, r-devel-linux-x86_64-fedora-clang, r-devel-linux-x86_64-fedora-gcc

Version: 5.0.5
Check: package dependencies
Result: NOTE Package suggested but not available for checking: ‘cranly’ Flavor: r-release-macos-x86_64