Last updated on 2023-02-02 06:55:05 CET.
Flavor | Version | Tinstall | Tcheck | Ttotal | Status | Flags |
---|---|---|---|---|---|---|
r-devel-linux-x86_64-debian-clang | 0.9.3 | 12.67 | 111.17 | 123.84 | OK | |
r-devel-linux-x86_64-debian-gcc | 0.9.3 | 9.19 | 81.09 | 90.28 | OK | |
r-devel-linux-x86_64-fedora-clang | 0.9.3 | 150.24 | NOTE | |||
r-devel-linux-x86_64-fedora-gcc | 0.9.3 | 157.49 | NOTE | |||
r-devel-windows-x86_64 | 0.9.3 | 27.00 | 142.00 | 169.00 | OK | |
r-patched-linux-x86_64 | 0.9.3 | 10.65 | 102.92 | 113.57 | OK | |
r-release-linux-x86_64 | 0.9.3 | 11.60 | 104.03 | 115.63 | OK | |
r-release-macos-arm64 | 0.9.3 | 43.00 | NOTE | |||
r-release-macos-x86_64 | 0.9.3 | 76.00 | NOTE | |||
r-release-windows-x86_64 | 0.9.3 | 30.00 | 145.00 | 175.00 | OK | |
r-oldrel-macos-arm64 | 0.9.3 | 48.00 | NOTE | |||
r-oldrel-macos-x86_64 | 0.9.3 | 65.00 | NOTE | |||
r-oldrel-windows-ix86+x86_64 | 0.9.3 | 25.00 | 132.00 | 157.00 | OK |
Version: 0.9.3
Check: data for non-ASCII characters
Result: NOTE
Note: found 6 marked UTF-8 strings
Flavors: r-devel-linux-x86_64-fedora-clang, r-devel-linux-x86_64-fedora-gcc, r-release-macos-arm64, r-release-macos-x86_64, r-oldrel-macos-arm64, r-oldrel-macos-x86_64