CRAN Package Check Results for Package RUnit

Last updated on 2022-12-09 07:53:31 CET.

Flavor Version Tinstall Tcheck Ttotal Status Flags
r-devel-linux-x86_64-debian-clang 0.4.32 3.45 39.02 42.47 NOTE
r-devel-linux-x86_64-debian-gcc 0.4.32 3.22 34.97 38.19 NOTE
r-devel-linux-x86_64-fedora-clang 0.4.32 66.96 NOTE
r-devel-linux-x86_64-fedora-gcc 0.4.32 73.44 NOTE
r-devel-windows-x86_64 0.4.32 29.00 92.00 121.00 NOTE
r-patched-linux-x86_64 0.4.32 3.96 37.95 41.91 NOTE
r-release-linux-x86_64 0.4.32 3.13 37.64 40.77 NOTE
r-release-macos-arm64 0.4.32 22.00 OK
r-release-macos-x86_64 0.4.32 32.00 OK
r-release-windows-x86_64 0.4.32 20.00 82.00 102.00 OK
r-oldrel-macos-arm64 0.4.32 27.00 OK
r-oldrel-macos-x86_64 0.4.32 39.00 OK
r-oldrel-windows-ix86+x86_64 0.4.32 8.00 66.00 74.00 OK

Check Details

Version: 0.4.32
Check: Rd files
Result: NOTE
    checkRd: (-1) tracker.Rd:70: Escaped LaTeX specials: \&
    checkRd: (-1) tracker.Rd:73: Escaped LaTeX specials: \&
Flavors: r-devel-linux-x86_64-debian-clang, r-devel-linux-x86_64-debian-gcc, r-devel-linux-x86_64-fedora-clang, r-devel-linux-x86_64-fedora-gcc, r-devel-windows-x86_64

Version: 0.4.32
Check: for non-standard things in the check directory
Result: NOTE
    Found the following files/directories:
     'results'
Flavors: r-devel-linux-x86_64-debian-clang, r-devel-linux-x86_64-debian-gcc, r-devel-linux-x86_64-fedora-clang, r-devel-linux-x86_64-fedora-gcc, r-patched-linux-x86_64, r-release-linux-x86_64