CRAN Package Check Results for Package RUVIIIC

Last updated on 2022-10-01 07:08:09 CEST.

Flavor Version Tinstall Tcheck Ttotal Status Flags
r-devel-linux-x86_64-debian-clang 1.0.19 249.10 102.51 351.61 OK
r-devel-linux-x86_64-debian-gcc 1.0.19 159.04 82.87 241.91 OK
r-devel-linux-x86_64-fedora-clang 1.0.19 368.94 OK
r-devel-linux-x86_64-fedora-gcc 1.0.19 413.25 OK
r-devel-windows-x86_64 1.0.19 119.00 145.00 264.00 OK
r-patched-linux-x86_64 1.0.19 175.75 102.92 278.67 OK
r-release-linux-x86_64 1.0.19 171.36 103.17 274.53 OK
r-release-macos-arm64 1.0.19 100.00 NOTE
r-release-macos-x86_64 1.0.19 126.00 NOTE
r-release-windows-x86_64 1.0.19 115.00 151.00 266.00 OK
r-oldrel-macos-arm64 1.0.19 105.00 NOTE
r-oldrel-macos-x86_64 1.0.19 170.00 NOTE
r-oldrel-windows-ix86+x86_64 1.0.19 399.00 191.00 590.00 OK

Check Details

Version: 1.0.19
Check: installed package size
Result: NOTE
     installed size is 47.0Mb
     sub-directories of 1Mb or more:
     libs 46.4Mb
Flavors: r-release-macos-arm64, r-release-macos-x86_64, r-oldrel-macos-arm64, r-oldrel-macos-x86_64