Last updated on 2023-01-28 07:15:06 CET.
Flavor | Version | Tinstall | Tcheck | Ttotal | Status | Flags |
---|---|---|---|---|---|---|
r-devel-linux-x86_64-debian-clang | 0.2.14 | 31.77 | 983.17 | 1014.94 | OK | |
r-devel-linux-x86_64-debian-gcc | 0.2.14 | 27.15 | 672.60 | 699.75 | NOTE | |
r-devel-linux-x86_64-fedora-clang | 0.2.14 | 1334.90 | OK | |||
r-devel-linux-x86_64-fedora-gcc | 0.2.14 | 1313.28 | NOTE | |||
r-devel-windows-x86_64 | 0.2.14 | 53.00 | 545.00 | 598.00 | OK | |
r-patched-linux-x86_64 | 0.2.14 | 27.80 | 985.35 | 1013.15 | OK | |
r-release-linux-x86_64 | 0.2.14 | 29.31 | 973.80 | 1003.11 | OK | |
r-release-macos-arm64 | 0.2.14 | 115.00 | OK | |||
r-release-macos-x86_64 | 0.2.14 | 190.00 | OK | |||
r-release-windows-x86_64 | 0.2.14 | 70.00 | 554.00 | 624.00 | OK | |
r-oldrel-macos-arm64 | 0.2.14 | 140.00 | OK | |||
r-oldrel-macos-x86_64 | 0.2.14 | 262.00 | OK | |||
r-oldrel-windows-ix86+x86_64 | 0.2.14 | 89.00 | 591.00 | 680.00 | OK |
Version: 0.2.14
Check: C++ specification
Result: NOTE
Specified C++11: please update to current default of C++17
Flavors: r-devel-linux-x86_64-debian-gcc, r-devel-linux-x86_64-fedora-gcc