Last updated on 2023-02-08 06:56:37 CET.
Flavor | Version | Tinstall | Tcheck | Ttotal | Status | Flags |
---|---|---|---|---|---|---|
r-devel-linux-x86_64-debian-clang | 1.3.14.1 | 338.05 | 301.98 | 640.03 | OK | |
r-devel-linux-x86_64-debian-gcc | 1.3.14.1 | 284.18 | 218.68 | 502.86 | OK | |
r-devel-linux-x86_64-fedora-clang | 1.3.14.1 | 1253.35 | OK | |||
r-devel-linux-x86_64-fedora-gcc | 1.3.14.1 | 900.76 | OK | |||
r-devel-windows-x86_64 | 1.3.14.1 | 372.00 | 252.00 | 624.00 | OK | |
r-patched-linux-x86_64 | 1.3.14 | 270.41 | 286.39 | 556.80 | OK | |
r-release-linux-x86_64 | 1.3.14 | 275.75 | 284.22 | 559.97 | OK | |
r-release-macos-arm64 | 1.3.14.1 | 213.00 | NOTE | |||
r-release-macos-x86_64 | 1.3.14.1 | 84.00 | ERROR | |||
r-release-windows-x86_64 | 1.3.14 | 737.00 | 360.00 | 1097.00 | OK | |
r-oldrel-macos-arm64 | 1.3.14.1 | 203.00 | NOTE | |||
r-oldrel-macos-x86_64 | 1.3.14.1 | 87.00 | ERROR | |||
r-oldrel-windows-ix86+x86_64 | 1.3.14.1 | 570.00 | 480.00 | 1050.00 | NOTE |
Version: 1.3.14.1
Check: installed package size
Result: NOTE
installed size is 30.0Mb
sub-directories of 1Mb or more:
R 1.1Mb
libs 28.0Mb
Flavors: r-release-macos-arm64, r-oldrel-macos-arm64, r-oldrel-windows-ix86+x86_64
Version: 1.3.14.1
Check: whether package can be installed
Result: ERROR
Installation failed.
Flavors: r-release-macos-x86_64, r-oldrel-macos-x86_64