Last updated on 2023-09-25 08:02:38 CEST.
Flavor | Version | Tinstall | Tcheck | Ttotal | Status | Flags |
---|---|---|---|---|---|---|
r-devel-linux-x86_64-debian-clang | 1.3.14.4 | 356.78 | 306.15 | 662.93 | OK | |
r-devel-linux-x86_64-debian-gcc | 1.3.14.4 | 250.47 | 228.14 | 478.61 | OK | |
r-devel-linux-x86_64-fedora-clang | 1.3.14.4 | 1349.10 | OK | |||
r-devel-linux-x86_64-fedora-gcc | 1.3.14.4 | 935.23 | OK | |||
r-devel-windows-x86_64 | 1.3.14.4 | 359.00 | 251.00 | 610.00 | OK | |
r-patched-linux-x86_64 | 1.3.14.4 | 364.41 | 294.33 | 658.74 | OK | |
r-release-linux-x86_64 | 1.3.14.4 | 355.16 | 292.89 | 648.05 | OK | |
r-release-macos-arm64 | 1.3.14.4 | 196.00 | NOTE | |||
r-release-macos-x86_64 | 1.3.14.4 | 308.00 | NOTE | |||
r-release-windows-x86_64 | 1.3.14.4 | 436.00 | 311.00 | 747.00 | OK | |
r-oldrel-macos-arm64 | 1.3.14.4 | 184.00 | NOTE | |||
r-oldrel-macos-x86_64 | 1.3.14.4 | 85.00 | ERROR | |||
r-oldrel-windows-x86_64 | 1.3.14.4 | 379.00 | 295.00 | 674.00 | OK |
Version: 1.3.14.4
Check: installed package size
Result: NOTE
installed size is 26.4Mb
sub-directories of 1Mb or more:
R 1.0Mb
libs 24.5Mb
Flavors: r-release-macos-arm64, r-release-macos-x86_64, r-oldrel-macos-arm64
Version: 1.3.14.4
Check: whether package can be installed
Result: ERROR
Installation failed.
Flavor: r-oldrel-macos-x86_64