CRAN Package Check Results for Package RRBoost

Last updated on 2024-07-22 06:49:18 CEST.

Flavor Version Tinstall Tcheck Ttotal Status Flags
r-devel-linux-x86_64-debian-clang 0.1 3.76 38.51 42.27 NOTE
r-devel-linux-x86_64-debian-gcc 0.1 2.53 28.72 31.25 NOTE
r-devel-linux-x86_64-fedora-clang 0.1 54.69 NOTE
r-devel-linux-x86_64-fedora-gcc 0.1 52.46 NOTE
r-devel-windows-x86_64 0.1 5.00 51.00 56.00 NOTE
r-patched-linux-x86_64 0.1 2.75 37.66 40.41 NOTE
r-release-linux-x86_64 0.1 2.77 37.92 40.69 NOTE
r-release-macos-arm64 0.1 19.00 NOTE
r-release-macos-x86_64 0.1 29.00 NOTE
r-release-windows-x86_64 0.1 4.00 50.00 54.00 NOTE
r-oldrel-macos-arm64 0.1 19.00 OK
r-oldrel-macos-x86_64 0.1 29.00 OK
r-oldrel-windows-x86_64 0.1 4.00 49.00 53.00 OK

Check Details

Version: 0.1
Check: Rd files
Result: NOTE checkRd: (-1) Boost.Rd:40: Lost braces; missing escapes or markup? 40 | \item{niter}{number of boosting iterations (for RRBoost: T_{1,max} + T_{2,max}) (numeric)} | ^ checkRd: (-1) Boost.Rd:40: Lost braces; missing escapes or markup? 40 | \item{niter}{number of boosting iterations (for RRBoost: T_{1,max} + T_{2,max}) (numeric)} | ^ checkRd: (-1) Boost.Rd:54: Lost braces; missing escapes or markup? 54 | \item{niter}{number of iterations for the boosting algorithm (for RRBoost T_{1,max} + T_{2,max}) (numeric)} | ^ checkRd: (-1) Boost.Rd:54: Lost braces; missing escapes or markup? 54 | \item{niter}{number of iterations for the boosting algorithm (for RRBoost T_{1,max} + T_{2,max}) (numeric)} | ^ checkRd: (-1) Boost.control.Rd:25: Lost braces; missing escapes or markup? 25 | \item{n_init}{number of iterations for the SBoost step of RRBoost ($T_{1,max}$) (int)} | ^ checkRd: (-1) Boost.validation.Rd:41: Lost braces; missing escapes or markup? 41 | \item{niter}{number of iterations (for RRBoost T_{1,max} + T_{2,max}) (numeric)} | ^ checkRd: (-1) Boost.validation.Rd:41: Lost braces; missing escapes or markup? 41 | \item{niter}{number of iterations (for RRBoost T_{1,max} + T_{2,max}) (numeric)} | ^ Flavors: r-devel-linux-x86_64-debian-clang, r-devel-linux-x86_64-debian-gcc, r-devel-linux-x86_64-fedora-clang, r-devel-linux-x86_64-fedora-gcc, r-devel-windows-x86_64, r-patched-linux-x86_64, r-release-linux-x86_64, r-release-macos-arm64, r-release-macos-x86_64, r-release-windows-x86_64